{"id":1091,"date":"2024-01-13T08:24:17","date_gmt":"2024-01-13T07:24:17","guid":{"rendered":"http:\/\/victor-sasportas.com\/?post_type=tribe_events&#038;p=1091"},"modified":"2024-01-13T08:24:17","modified_gmt":"2024-01-13T07:24:17","slug":"salon-dautomne-2024-120-ans-paris","status":"publish","type":"tribe_events","link":"http:\/\/victor-sasportas.com\/index.php\/event\/salon-dautomne-2024-120-ans-paris\/","title":{"rendered":"Salon d&#8217;Automne 2024 (120 ans), Paris"},"content":{"rendered":"<p>Pour sa 120\u00e8me \u00e9dition, le tr\u00e8s renomm\u00e9 Salon d\u2019Automne vous invite du mercredi 17 janvier au dimanche 21 janvier 2024 pour (re)d\u00e9couvrir l\u2019Art d\u2019aujourd\u2019hui et de demain.<\/p>\n<p>Le Salon d\u2019Automne est une association d\u2019artistes, sans but lucratif, n\u00e9e en 1903, reconnue d\u2019utilit\u00e9 publique depuis 1920, dont le but est l\u2019encouragement et le d\u00e9veloppement des beaux-arts dans toutes ses manifestations et particuli\u00e8rement par des expositions tant en France qu\u2019\u00e0 l\u2019\u00e9tranger.<\/p>\n<p>Il organise \u00e0 Paris une grande r\u00e9union annuelle de prestige qui met en avant plusieurs centaines d\u2019\u0153uvres d\u2019art dans toutes les disciplines.<\/p>\n<p><img loading=\"lazy\" decoding=\"async\" class=\"alignnone wp-image-1092 size-full\" src=\"http:\/\/victor-sasportas.com\/wp-content\/uploads\/2024\/01\/reseaux-1280-x-720-14a53b7291a14ca9aaa6bc60fd38a297.jpeg\" alt=\"\" width=\"1280\" height=\"720\" srcset=\"http:\/\/victor-sasportas.com\/wp-content\/uploads\/2024\/01\/reseaux-1280-x-720-14a53b7291a14ca9aaa6bc60fd38a297.jpeg 1280w, http:\/\/victor-sasportas.com\/wp-content\/uploads\/2024\/01\/reseaux-1280-x-720-14a53b7291a14ca9aaa6bc60fd38a297-300x169.jpeg 300w, http:\/\/victor-sasportas.com\/wp-content\/uploads\/2024\/01\/reseaux-1280-x-720-14a53b7291a14ca9aaa6bc60fd38a297-1024x576.jpeg 1024w, http:\/\/victor-sasportas.com\/wp-content\/uploads\/2024\/01\/reseaux-1280-x-720-14a53b7291a14ca9aaa6bc60fd38a297-768x432.jpeg 768w\" sizes=\"auto, (max-width: 1280px) 100vw, 1280px\" \/><\/p>\n<p>Le Salon d&#8217;Automne du 17 au 21 janvier 2024<\/p>\n<p>Vernissage mercredi 17 de 17h \u00e0 22h &#8211; C\u00e9r\u00e9monie d&#8217;ouverture \u00e0 19h<\/p>\n<p>Jeudi et vendredi de 11h \u00e0 19h &#8211; Samedi de 11h \u00e0 21h &#8211; Dimanche de 11h \u00e0 18h<\/p>\n<p>Derni\u00e8re entr\u00e9e 30 mn avant la fermeture Grande Halle de La Villette &#8211; Porte de Pantin &#8211; Paris 19e<\/p>\n<p>Salon international d&#8217;art contemporain depuis 1903 Soci\u00e9t\u00e9 du Salon d&#8217;Automne &#8211; info@salon-automne.com &#8211; 01 43 59 46 07<\/p>\n","protected":false},"excerpt":{"rendered":"<p>Pour sa 120\u00e8me \u00e9dition, le tr\u00e8s renomm\u00e9 Salon d\u2019Automne vous invite du mercredi 17 janvier au dimanche 21 janvier 2024 pour (re)d\u00e9couvrir l\u2019Art d\u2019aujourd\u2019hui et de demain. Le Salon d\u2019Automne est une association d\u2019artistes, sans but lucratif, n\u00e9e en 1903, reconnue d\u2019utilit\u00e9 publique depuis 1920, dont le but est l\u2019encouragement et le d\u00e9veloppement des beaux-arts&hellip;<\/p>\n","protected":false},"author":1,"featured_media":0,"template":"","meta":{"_exactmetrics_skip_tracking":false,"_exactmetrics_sitenote_active":false,"_exactmetrics_sitenote_note":"","_exactmetrics_sitenote_category":0,"_tribe_events_status":"","_tribe_events_status_reason":"","footnotes":""},"tags":[],"tribe_events_cat":[],"class_list":["post-1091","tribe_events","type-tribe_events","status-publish","hentry"],"yoast_head":"<!-- This site is optimized with the Yoast SEO plugin v27.5 - https:\/\/yoast.com\/product\/yoast-seo-wordpress\/ -->\n<title>Salon d&#039;Automne 2024 (120 ans), Paris - VICTOR SASPORTAS<\/title>\n<meta name=\"robots\" content=\"index, follow, max-snippet:-1, max-image-preview:large, max-video-preview:-1\" \/>\n<link rel=\"canonical\" href=\"http:\/\/victor-sasportas.com\/index.php\/event\/salon-dautomne-2024-120-ans-paris\/\" \/>\n<meta property=\"og:locale\" content=\"en_US\" \/>\n<meta property=\"og:type\" content=\"article\" \/>\n<meta property=\"og:title\" content=\"Salon d&#039;Automne 2024 (120 ans), Paris - VICTOR SASPORTAS\" \/>\n<meta property=\"og:description\" content=\"Pour sa 120\u00e8me \u00e9dition, le tr\u00e8s renomm\u00e9 Salon d\u2019Automne vous invite du mercredi 17 janvier au dimanche 21 janvier 2024 pour (re)d\u00e9couvrir l\u2019Art d\u2019aujourd\u2019hui et de demain. Le Salon d\u2019Automne est une association d\u2019artistes, sans but lucratif, n\u00e9e en 1903, reconnue d\u2019utilit\u00e9 publique depuis 1920, dont le but est l\u2019encouragement et le d\u00e9veloppement des beaux-arts&hellip;\" \/>\n<meta property=\"og:url\" content=\"http:\/\/victor-sasportas.com\/index.php\/event\/salon-dautomne-2024-120-ans-paris\/\" \/>\n<meta property=\"og:site_name\" content=\"VICTOR SASPORTAS\" \/>\n<meta property=\"og:image\" content=\"http:\/\/victor-sasportas.com\/wp-content\/uploads\/2024\/01\/reseaux-1280-x-720-14a53b7291a14ca9aaa6bc60fd38a297.jpeg\" \/>\n<meta name=\"twitter:card\" content=\"summary_large_image\" \/>\n<meta name=\"twitter:label1\" content=\"Est. reading time\" \/>\n\t<meta name=\"twitter:data1\" content=\"1 minute\" \/>\n<script type=\"application\/ld+json\" class=\"yoast-schema-graph\">{\"@context\":\"https:\\\/\\\/schema.org\",\"@graph\":[{\"@type\":\"WebPage\",\"@id\":\"http:\\\/\\\/victor-sasportas.com\\\/index.php\\\/event\\\/salon-dautomne-2024-120-ans-paris\\\/\",\"url\":\"http:\\\/\\\/victor-sasportas.com\\\/index.php\\\/event\\\/salon-dautomne-2024-120-ans-paris\\\/\",\"name\":\"Salon d'Automne 2024 (120 ans), Paris - VICTOR SASPORTAS\",\"isPartOf\":{\"@id\":\"https:\\\/\\\/victor-sasportas.com\\\/#website\"},\"primaryImageOfPage\":{\"@id\":\"http:\\\/\\\/victor-sasportas.com\\\/index.php\\\/event\\\/salon-dautomne-2024-120-ans-paris\\\/#primaryimage\"},\"image\":{\"@id\":\"http:\\\/\\\/victor-sasportas.com\\\/index.php\\\/event\\\/salon-dautomne-2024-120-ans-paris\\\/#primaryimage\"},\"thumbnailUrl\":\"http:\\\/\\\/victor-sasportas.com\\\/wp-content\\\/uploads\\\/2024\\\/01\\\/reseaux-1280-x-720-14a53b7291a14ca9aaa6bc60fd38a297.jpeg\",\"datePublished\":\"2024-01-13T07:24:17+00:00\",\"breadcrumb\":{\"@id\":\"http:\\\/\\\/victor-sasportas.com\\\/index.php\\\/event\\\/salon-dautomne-2024-120-ans-paris\\\/#breadcrumb\"},\"inLanguage\":\"en-US\",\"potentialAction\":[{\"@type\":\"ReadAction\",\"target\":[\"http:\\\/\\\/victor-sasportas.com\\\/index.php\\\/event\\\/salon-dautomne-2024-120-ans-paris\\\/\"]}]},{\"@type\":\"ImageObject\",\"inLanguage\":\"en-US\",\"@id\":\"http:\\\/\\\/victor-sasportas.com\\\/index.php\\\/event\\\/salon-dautomne-2024-120-ans-paris\\\/#primaryimage\",\"url\":\"http:\\\/\\\/victor-sasportas.com\\\/wp-content\\\/uploads\\\/2024\\\/01\\\/reseaux-1280-x-720-14a53b7291a14ca9aaa6bc60fd38a297.jpeg\",\"contentUrl\":\"http:\\\/\\\/victor-sasportas.com\\\/wp-content\\\/uploads\\\/2024\\\/01\\\/reseaux-1280-x-720-14a53b7291a14ca9aaa6bc60fd38a297.jpeg\",\"width\":1280,\"height\":720},{\"@type\":\"BreadcrumbList\",\"@id\":\"http:\\\/\\\/victor-sasportas.com\\\/index.php\\\/event\\\/salon-dautomne-2024-120-ans-paris\\\/#breadcrumb\",\"itemListElement\":[{\"@type\":\"ListItem\",\"position\":1,\"name\":\"Home\",\"item\":\"https:\\\/\\\/victor-sasportas.com\\\/\"},{\"@type\":\"ListItem\",\"position\":2,\"name\":\"Events\",\"item\":\"http:\\\/\\\/victor-sasportas.com\\\/index.php\\\/events\\\/\"},{\"@type\":\"ListItem\",\"position\":3,\"name\":\"Salon d&#8217;Automne 2024 (120 ans), Paris\"}]},{\"@type\":\"WebSite\",\"@id\":\"https:\\\/\\\/victor-sasportas.com\\\/#website\",\"url\":\"https:\\\/\\\/victor-sasportas.com\\\/\",\"name\":\"VICTOR SASPORTAS\",\"description\":\"Artiste Peintre Contemporain\",\"potentialAction\":[{\"@type\":\"SearchAction\",\"target\":{\"@type\":\"EntryPoint\",\"urlTemplate\":\"https:\\\/\\\/victor-sasportas.com\\\/?s={search_term_string}\"},\"query-input\":{\"@type\":\"PropertyValueSpecification\",\"valueRequired\":true,\"valueName\":\"search_term_string\"}}],\"inLanguage\":\"en-US\"}]}<\/script>\n<!-- \/ Yoast SEO plugin. -->","yoast_head_json":{"title":"Salon d'Automne 2024 (120 ans), Paris - VICTOR SASPORTAS","robots":{"index":"index","follow":"follow","max-snippet":"max-snippet:-1","max-image-preview":"max-image-preview:large","max-video-preview":"max-video-preview:-1"},"canonical":"http:\/\/victor-sasportas.com\/index.php\/event\/salon-dautomne-2024-120-ans-paris\/","og_locale":"en_US","og_type":"article","og_title":"Salon d'Automne 2024 (120 ans), Paris - VICTOR SASPORTAS","og_description":"Pour sa 120\u00e8me \u00e9dition, le tr\u00e8s renomm\u00e9 Salon d\u2019Automne vous invite du mercredi 17 janvier au dimanche 21 janvier 2024 pour (re)d\u00e9couvrir l\u2019Art d\u2019aujourd\u2019hui et de demain. Le Salon d\u2019Automne est une association d\u2019artistes, sans but lucratif, n\u00e9e en 1903, reconnue d\u2019utilit\u00e9 publique depuis 1920, dont le but est l\u2019encouragement et le d\u00e9veloppement des beaux-arts&hellip;","og_url":"http:\/\/victor-sasportas.com\/index.php\/event\/salon-dautomne-2024-120-ans-paris\/","og_site_name":"VICTOR SASPORTAS","og_image":[{"url":"http:\/\/victor-sasportas.com\/wp-content\/uploads\/2024\/01\/reseaux-1280-x-720-14a53b7291a14ca9aaa6bc60fd38a297.jpeg","type":"","width":"","height":""}],"twitter_card":"summary_large_image","twitter_misc":{"Est. reading time":"1 minute"},"schema":{"@context":"https:\/\/schema.org","@graph":[{"@type":"WebPage","@id":"http:\/\/victor-sasportas.com\/index.php\/event\/salon-dautomne-2024-120-ans-paris\/","url":"http:\/\/victor-sasportas.com\/index.php\/event\/salon-dautomne-2024-120-ans-paris\/","name":"Salon d'Automne 2024 (120 ans), Paris - VICTOR SASPORTAS","isPartOf":{"@id":"https:\/\/victor-sasportas.com\/#website"},"primaryImageOfPage":{"@id":"http:\/\/victor-sasportas.com\/index.php\/event\/salon-dautomne-2024-120-ans-paris\/#primaryimage"},"image":{"@id":"http:\/\/victor-sasportas.com\/index.php\/event\/salon-dautomne-2024-120-ans-paris\/#primaryimage"},"thumbnailUrl":"http:\/\/victor-sasportas.com\/wp-content\/uploads\/2024\/01\/reseaux-1280-x-720-14a53b7291a14ca9aaa6bc60fd38a297.jpeg","datePublished":"2024-01-13T07:24:17+00:00","breadcrumb":{"@id":"http:\/\/victor-sasportas.com\/index.php\/event\/salon-dautomne-2024-120-ans-paris\/#breadcrumb"},"inLanguage":"en-US","potentialAction":[{"@type":"ReadAction","target":["http:\/\/victor-sasportas.com\/index.php\/event\/salon-dautomne-2024-120-ans-paris\/"]}]},{"@type":"ImageObject","inLanguage":"en-US","@id":"http:\/\/victor-sasportas.com\/index.php\/event\/salon-dautomne-2024-120-ans-paris\/#primaryimage","url":"http:\/\/victor-sasportas.com\/wp-content\/uploads\/2024\/01\/reseaux-1280-x-720-14a53b7291a14ca9aaa6bc60fd38a297.jpeg","contentUrl":"http:\/\/victor-sasportas.com\/wp-content\/uploads\/2024\/01\/reseaux-1280-x-720-14a53b7291a14ca9aaa6bc60fd38a297.jpeg","width":1280,"height":720},{"@type":"BreadcrumbList","@id":"http:\/\/victor-sasportas.com\/index.php\/event\/salon-dautomne-2024-120-ans-paris\/#breadcrumb","itemListElement":[{"@type":"ListItem","position":1,"name":"Home","item":"https:\/\/victor-sasportas.com\/"},{"@type":"ListItem","position":2,"name":"Events","item":"http:\/\/victor-sasportas.com\/index.php\/events\/"},{"@type":"ListItem","position":3,"name":"Salon d&#8217;Automne 2024 (120 ans), Paris"}]},{"@type":"WebSite","@id":"https:\/\/victor-sasportas.com\/#website","url":"https:\/\/victor-sasportas.com\/","name":"VICTOR SASPORTAS","description":"Artiste Peintre Contemporain","potentialAction":[{"@type":"SearchAction","target":{"@type":"EntryPoint","urlTemplate":"https:\/\/victor-sasportas.com\/?s={search_term_string}"},"query-input":{"@type":"PropertyValueSpecification","valueRequired":true,"valueName":"search_term_string"}}],"inLanguage":"en-US"}]}},"_links":{"self":[{"href":"http:\/\/victor-sasportas.com\/index.php\/wp-json\/wp\/v2\/tribe_events\/1091","targetHints":{"allow":["GET"]}}],"collection":[{"href":"http:\/\/victor-sasportas.com\/index.php\/wp-json\/wp\/v2\/tribe_events"}],"about":[{"href":"http:\/\/victor-sasportas.com\/index.php\/wp-json\/wp\/v2\/types\/tribe_events"}],"author":[{"embeddable":true,"href":"http:\/\/victor-sasportas.com\/index.php\/wp-json\/wp\/v2\/users\/1"}],"version-history":[{"count":1,"href":"http:\/\/victor-sasportas.com\/index.php\/wp-json\/wp\/v2\/tribe_events\/1091\/revisions"}],"predecessor-version":[{"id":1093,"href":"http:\/\/victor-sasportas.com\/index.php\/wp-json\/wp\/v2\/tribe_events\/1091\/revisions\/1093"}],"wp:attachment":[{"href":"http:\/\/victor-sasportas.com\/index.php\/wp-json\/wp\/v2\/media?parent=1091"}],"wp:term":[{"taxonomy":"post_tag","embeddable":true,"href":"http:\/\/victor-sasportas.com\/index.php\/wp-json\/wp\/v2\/tags?post=1091"},{"taxonomy":"tribe_events_cat","embeddable":true,"href":"http:\/\/victor-sasportas.com\/index.php\/wp-json\/wp\/v2\/tribe_events_cat?post=1091"}],"curies":[{"name":"wp","href":"https:\/\/api.w.org\/{rel}","templated":true}]}}

<p>Pour sa 120ème édition, le très renommé Salon d’Automne vous invite du mercredi 17 janvier au dimanche 21 janvier 2024 pour (re)découvrir l’Art d’aujourd’hui et de demain.</p>
<p>Le Salon d’Automne est une association d’artistes, sans but lucratif, née en 1903, reconnue d’utilité publique depuis 1920, dont le but est l’encouragement et le développement des beaux-arts dans toutes ses manifestations et particulièrement par des expositions tant en France qu’à l’étranger.</p>
<p>Il organise à Paris une grande réunion annuelle de prestige qui met en avant plusieurs centaines d’œuvres d’art dans toutes les disciplines.</p>
<p><img loading="lazy" decoding="async" class="alignnone wp-image-1092 size-full" src="http://victor-sasportas.com/wp-content/uploads/2024/01/reseaux-1280-x-720-14a53b7291a14ca9aaa6bc60fd38a297.jpeg" alt="" width="1280" height="720" srcset="http://victor-sasportas.com/wp-content/uploads/2024/01/reseaux-1280-x-720-14a53b7291a14ca9aaa6bc60fd38a297.jpeg 1280w, http://victor-sasportas.com/wp-content/uploads/2024/01/reseaux-1280-x-720-14a53b7291a14ca9aaa6bc60fd38a297-300x169.jpeg 300w, http://victor-sasportas.com/wp-content/uploads/2024/01/reseaux-1280-x-720-14a53b7291a14ca9aaa6bc60fd38a297-1024x576.jpeg 1024w, http://victor-sasportas.com/wp-content/uploads/2024/01/reseaux-1280-x-720-14a53b7291a14ca9aaa6bc60fd38a297-768x432.jpeg 768w" sizes="auto, (max-width: 1280px) 100vw, 1280px" /></p>
<p>Le Salon d&#8217;Automne du 17 au 21 janvier 2024</p>
<p>Vernissage mercredi 17 de 17h à 22h &#8211; Cérémonie d&#8217;ouverture à 19h</p>
<p>Jeudi et vendredi de 11h à 19h &#8211; Samedi de 11h à 21h &#8211; Dimanche de 11h à 18h</p>
<p>Dernière entrée 30 mn avant la fermeture Grande Halle de La Villette &#8211; Porte de Pantin &#8211; Paris 19e</p>
<p>Salon international d&#8217;art contemporain depuis 1903 Société du Salon d&#8217;Automne &#8211; info@salon-automne.com &#8211; 01 43 59 46 07</p>

<p>Pour sa 120ème édition, le très renommé Salon d’Automne vous invite du mercredi 17 janvier au dimanche 21 janvier 2024 pour (re)découvrir l’Art d’aujourd’hui et de demain. Le Salon d’Automne est une association d’artistes, sans but lucratif, née en 1903, reconnue d’utilité publique depuis 1920, dont le but est l’encouragement et le développement des beaux-arts&hellip;</p>

<!-- This site is optimized with the Yoast SEO plugin v27.5 - https://yoast.com/product/yoast-seo-wordpress/ -->
<title>Salon d&#039;Automne 2024 (120 ans), Paris - VICTOR SASPORTAS</title>
<meta name="robots" content="index, follow, max-snippet:-1, max-image-preview:large, max-video-preview:-1" />
<link rel="canonical" href="http://victor-sasportas.com/index.php/event/salon-dautomne-2024-120-ans-paris/" />
<meta property="og:locale" content="en_US" />
<meta property="og:type" content="article" />
<meta property="og:title" content="Salon d&#039;Automne 2024 (120 ans), Paris - VICTOR SASPORTAS" />
<meta property="og:description" content="Pour sa 120ème édition, le très renommé Salon d’Automne vous invite du mercredi 17 janvier au dimanche 21 janvier 2024 pour (re)découvrir l’Art d’aujourd’hui et de demain. Le Salon d’Automne est une association d’artistes, sans but lucratif, née en 1903, reconnue d’utilité publique depuis 1920, dont le but est l’encouragement et le développement des beaux-arts&hellip;" />
<meta property="og:url" content="http://victor-sasportas.com/index.php/event/salon-dautomne-2024-120-ans-paris/" />
<meta property="og:site_name" content="VICTOR SASPORTAS" />
<meta property="og:image" content="http://victor-sasportas.com/wp-content/uploads/2024/01/reseaux-1280-x-720-14a53b7291a14ca9aaa6bc60fd38a297.jpeg" />
<meta name="twitter:card" content="summary_large_image" />
<meta name="twitter:label1" content="Est. reading time" />
	<meta name="twitter:data1" content="1 minute" />
<script type="application/ld+json" class="yoast-schema-graph">{"@context":"https:\/\/schema.org","@graph":[{"@type":"WebPage","@id":"http:\/\/victor-sasportas.com\/index.php\/event\/salon-dautomne-2024-120-ans-paris\/","url":"http:\/\/victor-sasportas.com\/index.php\/event\/salon-dautomne-2024-120-ans-paris\/","name":"Salon d'Automne 2024 (120 ans), Paris - VICTOR SASPORTAS","isPartOf":{"@id":"https:\/\/victor-sasportas.com\/#website"},"primaryImageOfPage":{"@id":"http:\/\/victor-sasportas.com\/index.php\/event\/salon-dautomne-2024-120-ans-paris\/#primaryimage"},"image":{"@id":"http:\/\/victor-sasportas.com\/index.php\/event\/salon-dautomne-2024-120-ans-paris\/#primaryimage"},"thumbnailUrl":"http:\/\/victor-sasportas.com\/wp-content\/uploads\/2024\/01\/reseaux-1280-x-720-14a53b7291a14ca9aaa6bc60fd38a297.jpeg","datePublished":"2024-01-13T07:24:17+00:00","breadcrumb":{"@id":"http:\/\/victor-sasportas.com\/index.php\/event\/salon-dautomne-2024-120-ans-paris\/#breadcrumb"},"inLanguage":"en-US","potentialAction":[{"@type":"ReadAction","target":["http:\/\/victor-sasportas.com\/index.php\/event\/salon-dautomne-2024-120-ans-paris\/"]}]},{"@type":"ImageObject","inLanguage":"en-US","@id":"http:\/\/victor-sasportas.com\/index.php\/event\/salon-dautomne-2024-120-ans-paris\/#primaryimage","url":"http:\/\/victor-sasportas.com\/wp-content\/uploads\/2024\/01\/reseaux-1280-x-720-14a53b7291a14ca9aaa6bc60fd38a297.jpeg","contentUrl":"http:\/\/victor-sasportas.com\/wp-content\/uploads\/2024\/01\/reseaux-1280-x-720-14a53b7291a14ca9aaa6bc60fd38a297.jpeg","width":1280,"height":720},{"@type":"BreadcrumbList","@id":"http:\/\/victor-sasportas.com\/index.php\/event\/salon-dautomne-2024-120-ans-paris\/#breadcrumb","itemListElement":[{"@type":"ListItem","position":1,"name":"Home","item":"https:\/\/victor-sasportas.com\/"},{"@type":"ListItem","position":2,"name":"Events","item":"http:\/\/victor-sasportas.com\/index.php\/events\/"},{"@type":"ListItem","position":3,"name":"Salon d&#8217;Automne 2024 (120 ans), Paris"}]},{"@type":"WebSite","@id":"https:\/\/victor-sasportas.com\/#website","url":"https:\/\/victor-sasportas.com\/","name":"VICTOR SASPORTAS","description":"Artiste Peintre Contemporain","potentialAction":[{"@type":"SearchAction","target":{"@type":"EntryPoint","urlTemplate":"https:\/\/victor-sasportas.com\/?s={search_term_string}"},"query-input":{"@type":"PropertyValueSpecification","valueRequired":true,"valueName":"search_term_string"}}],"inLanguage":"en-US"}]}</script>
<!-- / Yoast SEO plugin. -->

Pour sa 120ème édition, le très renommé Salon d’Automne vous invite du mercredi 17 janvier au dimanche 21 janvier 2024 pour (re)découvrir l’Art d’aujourd’hui et de demain. Le Salon d’Automne est une association d’artistes, sans but lucratif, née en 1903, reconnue d’utilité publique depuis 1920, dont le but est l’encouragement et le développement des beaux-arts&hellip;
