{"id":434,"date":"2017-03-09T21:25:07","date_gmt":"2017-03-09T20:25:07","guid":{"rendered":"http:\/\/victor-sasportas.com\/?post_type=tribe_events&#038;p=434"},"modified":"2017-03-09T21:25:07","modified_gmt":"2017-03-09T20:25:07","slug":"salon-international-des-arts-2017-paris","status":"publish","type":"tribe_events","link":"http:\/\/victor-sasportas.com\/index.php\/event\/salon-international-des-arts-2017-paris\/","title":{"rendered":"Salon International des Arts 2017, Paris"},"content":{"rendered":"<p>Le salon 2017 se tiendra, comme pr\u00e9c\u00e9demment, \u00e0 la galerie de Nesle, 8 rue de Nesle, Paris (6\u00e8me).<br \/>\nIl est vrai que le lieu est magique et situ\u00e9 dans un environnement excellent au c\u0153ur du Paris artistique.<br \/>\nL\u2019originalit\u00e9 de l\u2019Acad\u00e9mie Europ\u00e9enne des Arts France (AEAF) est de permettre l\u2019expression de l\u2019art sous toutes ses formes et non seulement sous celle de la repr\u00e9sentation plastique.<\/p>\n<p>Il aura lieu du 24\u00a0au 26\u00a0Mars 2017.<\/p>\n<p>C\u2019est un moment de partage, d\u2019\u00e9change artistique et de convivialit\u00e9 que le salon apportera \u00e0 un public averti que nous esp\u00e9rons nombreux et que nous accueillerons chaleureusement.<\/p>\n<p>Cette ann\u00e9e, deux invit\u00e9s d\u2019honneur : Christina Marques et Bernardino \u00a0Toppi<\/p>\n<p><img loading=\"lazy\" decoding=\"async\" class=\"alignleft size-full wp-image-435\" src=\"http:\/\/victor-sasportas.com\/wp-content\/uploads\/2017\/03\/Affiche.jpg\" alt=\"\" width=\"670\" height=\"947\" srcset=\"http:\/\/victor-sasportas.com\/wp-content\/uploads\/2017\/03\/Affiche.jpg 670w, http:\/\/victor-sasportas.com\/wp-content\/uploads\/2017\/03\/Affiche-212x300.jpg 212w\" sizes=\"auto, (max-width: 670px) 100vw, 670px\" \/><\/p>\n","protected":false},"excerpt":{"rendered":"<p>Le salon 2017 se tiendra, comme pr\u00e9c\u00e9demment, \u00e0 la galerie de Nesle, 8 rue de Nesle, Paris (6\u00e8me). Il est vrai que le lieu est magique et situ\u00e9 dans un environnement excellent au c\u0153ur du Paris artistique. L\u2019originalit\u00e9 de l\u2019Acad\u00e9mie Europ\u00e9enne des Arts France (AEAF) est de permettre l\u2019expression de l\u2019art sous toutes ses formes&hellip;<\/p>\n","protected":false},"author":1,"featured_media":0,"template":"","meta":{"_exactmetrics_skip_tracking":false,"_exactmetrics_sitenote_active":false,"_exactmetrics_sitenote_note":"","_exactmetrics_sitenote_category":0,"_tribe_events_status":"","_tribe_events_status_reason":"","footnotes":""},"tags":[],"tribe_events_cat":[],"class_list":["post-434","tribe_events","type-tribe_events","status-publish","hentry"],"yoast_head":"<!-- This site is optimized with the Yoast SEO plugin v27.5 - https:\/\/yoast.com\/product\/yoast-seo-wordpress\/ -->\n<title>Salon International des Arts 2017, Paris - VICTOR SASPORTAS<\/title>\n<meta name=\"robots\" content=\"index, follow, max-snippet:-1, max-image-preview:large, max-video-preview:-1\" \/>\n<link rel=\"canonical\" href=\"http:\/\/victor-sasportas.com\/index.php\/event\/salon-international-des-arts-2017-paris\/\" \/>\n<meta property=\"og:locale\" content=\"en_US\" \/>\n<meta property=\"og:type\" content=\"article\" \/>\n<meta property=\"og:title\" content=\"Salon International des Arts 2017, Paris - VICTOR SASPORTAS\" \/>\n<meta property=\"og:description\" content=\"Le salon 2017 se tiendra, comme pr\u00e9c\u00e9demment, \u00e0 la galerie de Nesle, 8 rue de Nesle, Paris (6\u00e8me). Il est vrai que le lieu est magique et situ\u00e9 dans un environnement excellent au c\u0153ur du Paris artistique. L\u2019originalit\u00e9 de l\u2019Acad\u00e9mie Europ\u00e9enne des Arts France (AEAF) est de permettre l\u2019expression de l\u2019art sous toutes ses formes&hellip;\" \/>\n<meta property=\"og:url\" content=\"http:\/\/victor-sasportas.com\/index.php\/event\/salon-international-des-arts-2017-paris\/\" \/>\n<meta property=\"og:site_name\" content=\"VICTOR SASPORTAS\" \/>\n<meta property=\"og:image\" content=\"http:\/\/victor-sasportas.com\/wp-content\/uploads\/2017\/03\/Affiche.jpg\" \/>\n<meta name=\"twitter:card\" content=\"summary_large_image\" \/>\n<meta name=\"twitter:label1\" content=\"Est. reading time\" \/>\n\t<meta name=\"twitter:data1\" content=\"1 minute\" \/>\n<script type=\"application\/ld+json\" class=\"yoast-schema-graph\">{\"@context\":\"https:\\\/\\\/schema.org\",\"@graph\":[{\"@type\":\"WebPage\",\"@id\":\"http:\\\/\\\/victor-sasportas.com\\\/index.php\\\/event\\\/salon-international-des-arts-2017-paris\\\/\",\"url\":\"http:\\\/\\\/victor-sasportas.com\\\/index.php\\\/event\\\/salon-international-des-arts-2017-paris\\\/\",\"name\":\"Salon International des Arts 2017, Paris - VICTOR SASPORTAS\",\"isPartOf\":{\"@id\":\"https:\\\/\\\/victor-sasportas.com\\\/#website\"},\"primaryImageOfPage\":{\"@id\":\"http:\\\/\\\/victor-sasportas.com\\\/index.php\\\/event\\\/salon-international-des-arts-2017-paris\\\/#primaryimage\"},\"image\":{\"@id\":\"http:\\\/\\\/victor-sasportas.com\\\/index.php\\\/event\\\/salon-international-des-arts-2017-paris\\\/#primaryimage\"},\"thumbnailUrl\":\"http:\\\/\\\/victor-sasportas.com\\\/wp-content\\\/uploads\\\/2017\\\/03\\\/Affiche.jpg\",\"datePublished\":\"2017-03-09T20:25:07+00:00\",\"breadcrumb\":{\"@id\":\"http:\\\/\\\/victor-sasportas.com\\\/index.php\\\/event\\\/salon-international-des-arts-2017-paris\\\/#breadcrumb\"},\"inLanguage\":\"en-US\",\"potentialAction\":[{\"@type\":\"ReadAction\",\"target\":[\"http:\\\/\\\/victor-sasportas.com\\\/index.php\\\/event\\\/salon-international-des-arts-2017-paris\\\/\"]}]},{\"@type\":\"ImageObject\",\"inLanguage\":\"en-US\",\"@id\":\"http:\\\/\\\/victor-sasportas.com\\\/index.php\\\/event\\\/salon-international-des-arts-2017-paris\\\/#primaryimage\",\"url\":\"http:\\\/\\\/victor-sasportas.com\\\/wp-content\\\/uploads\\\/2017\\\/03\\\/Affiche.jpg\",\"contentUrl\":\"http:\\\/\\\/victor-sasportas.com\\\/wp-content\\\/uploads\\\/2017\\\/03\\\/Affiche.jpg\",\"width\":670,\"height\":947},{\"@type\":\"BreadcrumbList\",\"@id\":\"http:\\\/\\\/victor-sasportas.com\\\/index.php\\\/event\\\/salon-international-des-arts-2017-paris\\\/#breadcrumb\",\"itemListElement\":[{\"@type\":\"ListItem\",\"position\":1,\"name\":\"Home\",\"item\":\"https:\\\/\\\/victor-sasportas.com\\\/\"},{\"@type\":\"ListItem\",\"position\":2,\"name\":\"Events\",\"item\":\"http:\\\/\\\/victor-sasportas.com\\\/index.php\\\/events\\\/\"},{\"@type\":\"ListItem\",\"position\":3,\"name\":\"Salon International des Arts 2017, Paris\"}]},{\"@type\":\"WebSite\",\"@id\":\"https:\\\/\\\/victor-sasportas.com\\\/#website\",\"url\":\"https:\\\/\\\/victor-sasportas.com\\\/\",\"name\":\"VICTOR SASPORTAS\",\"description\":\"Artiste Peintre Contemporain\",\"potentialAction\":[{\"@type\":\"SearchAction\",\"target\":{\"@type\":\"EntryPoint\",\"urlTemplate\":\"https:\\\/\\\/victor-sasportas.com\\\/?s={search_term_string}\"},\"query-input\":{\"@type\":\"PropertyValueSpecification\",\"valueRequired\":true,\"valueName\":\"search_term_string\"}}],\"inLanguage\":\"en-US\"}]}<\/script>\n<!-- \/ Yoast SEO plugin. -->","yoast_head_json":{"title":"Salon International des Arts 2017, Paris - VICTOR SASPORTAS","robots":{"index":"index","follow":"follow","max-snippet":"max-snippet:-1","max-image-preview":"max-image-preview:large","max-video-preview":"max-video-preview:-1"},"canonical":"http:\/\/victor-sasportas.com\/index.php\/event\/salon-international-des-arts-2017-paris\/","og_locale":"en_US","og_type":"article","og_title":"Salon International des Arts 2017, Paris - VICTOR SASPORTAS","og_description":"Le salon 2017 se tiendra, comme pr\u00e9c\u00e9demment, \u00e0 la galerie de Nesle, 8 rue de Nesle, Paris (6\u00e8me). Il est vrai que le lieu est magique et situ\u00e9 dans un environnement excellent au c\u0153ur du Paris artistique. L\u2019originalit\u00e9 de l\u2019Acad\u00e9mie Europ\u00e9enne des Arts France (AEAF) est de permettre l\u2019expression de l\u2019art sous toutes ses formes&hellip;","og_url":"http:\/\/victor-sasportas.com\/index.php\/event\/salon-international-des-arts-2017-paris\/","og_site_name":"VICTOR SASPORTAS","og_image":[{"url":"http:\/\/victor-sasportas.com\/wp-content\/uploads\/2017\/03\/Affiche.jpg","type":"","width":"","height":""}],"twitter_card":"summary_large_image","twitter_misc":{"Est. reading time":"1 minute"},"schema":{"@context":"https:\/\/schema.org","@graph":[{"@type":"WebPage","@id":"http:\/\/victor-sasportas.com\/index.php\/event\/salon-international-des-arts-2017-paris\/","url":"http:\/\/victor-sasportas.com\/index.php\/event\/salon-international-des-arts-2017-paris\/","name":"Salon International des Arts 2017, Paris - VICTOR SASPORTAS","isPartOf":{"@id":"https:\/\/victor-sasportas.com\/#website"},"primaryImageOfPage":{"@id":"http:\/\/victor-sasportas.com\/index.php\/event\/salon-international-des-arts-2017-paris\/#primaryimage"},"image":{"@id":"http:\/\/victor-sasportas.com\/index.php\/event\/salon-international-des-arts-2017-paris\/#primaryimage"},"thumbnailUrl":"http:\/\/victor-sasportas.com\/wp-content\/uploads\/2017\/03\/Affiche.jpg","datePublished":"2017-03-09T20:25:07+00:00","breadcrumb":{"@id":"http:\/\/victor-sasportas.com\/index.php\/event\/salon-international-des-arts-2017-paris\/#breadcrumb"},"inLanguage":"en-US","potentialAction":[{"@type":"ReadAction","target":["http:\/\/victor-sasportas.com\/index.php\/event\/salon-international-des-arts-2017-paris\/"]}]},{"@type":"ImageObject","inLanguage":"en-US","@id":"http:\/\/victor-sasportas.com\/index.php\/event\/salon-international-des-arts-2017-paris\/#primaryimage","url":"http:\/\/victor-sasportas.com\/wp-content\/uploads\/2017\/03\/Affiche.jpg","contentUrl":"http:\/\/victor-sasportas.com\/wp-content\/uploads\/2017\/03\/Affiche.jpg","width":670,"height":947},{"@type":"BreadcrumbList","@id":"http:\/\/victor-sasportas.com\/index.php\/event\/salon-international-des-arts-2017-paris\/#breadcrumb","itemListElement":[{"@type":"ListItem","position":1,"name":"Home","item":"https:\/\/victor-sasportas.com\/"},{"@type":"ListItem","position":2,"name":"Events","item":"http:\/\/victor-sasportas.com\/index.php\/events\/"},{"@type":"ListItem","position":3,"name":"Salon International des Arts 2017, Paris"}]},{"@type":"WebSite","@id":"https:\/\/victor-sasportas.com\/#website","url":"https:\/\/victor-sasportas.com\/","name":"VICTOR SASPORTAS","description":"Artiste Peintre Contemporain","potentialAction":[{"@type":"SearchAction","target":{"@type":"EntryPoint","urlTemplate":"https:\/\/victor-sasportas.com\/?s={search_term_string}"},"query-input":{"@type":"PropertyValueSpecification","valueRequired":true,"valueName":"search_term_string"}}],"inLanguage":"en-US"}]}},"_links":{"self":[{"href":"http:\/\/victor-sasportas.com\/index.php\/wp-json\/wp\/v2\/tribe_events\/434","targetHints":{"allow":["GET"]}}],"collection":[{"href":"http:\/\/victor-sasportas.com\/index.php\/wp-json\/wp\/v2\/tribe_events"}],"about":[{"href":"http:\/\/victor-sasportas.com\/index.php\/wp-json\/wp\/v2\/types\/tribe_events"}],"author":[{"embeddable":true,"href":"http:\/\/victor-sasportas.com\/index.php\/wp-json\/wp\/v2\/users\/1"}],"version-history":[{"count":1,"href":"http:\/\/victor-sasportas.com\/index.php\/wp-json\/wp\/v2\/tribe_events\/434\/revisions"}],"predecessor-version":[{"id":436,"href":"http:\/\/victor-sasportas.com\/index.php\/wp-json\/wp\/v2\/tribe_events\/434\/revisions\/436"}],"wp:attachment":[{"href":"http:\/\/victor-sasportas.com\/index.php\/wp-json\/wp\/v2\/media?parent=434"}],"wp:term":[{"taxonomy":"post_tag","embeddable":true,"href":"http:\/\/victor-sasportas.com\/index.php\/wp-json\/wp\/v2\/tags?post=434"},{"taxonomy":"tribe_events_cat","embeddable":true,"href":"http:\/\/victor-sasportas.com\/index.php\/wp-json\/wp\/v2\/tribe_events_cat?post=434"}],"curies":[{"name":"wp","href":"https:\/\/api.w.org\/{rel}","templated":true}]}}

<p>Le salon 2017 se tiendra, comme précédemment, à la galerie de Nesle, 8 rue de Nesle, Paris (6ème).<br />
Il est vrai que le lieu est magique et situé dans un environnement excellent au cœur du Paris artistique.<br />
L’originalité de l’Académie Européenne des Arts France (AEAF) est de permettre l’expression de l’art sous toutes ses formes et non seulement sous celle de la représentation plastique.</p>
<p>Il aura lieu du 24 au 26 Mars 2017.</p>
<p>C’est un moment de partage, d’échange artistique et de convivialité que le salon apportera à un public averti que nous espérons nombreux et que nous accueillerons chaleureusement.</p>
<p>Cette année, deux invités d’honneur : Christina Marques et Bernardino  Toppi</p>
<p><img loading="lazy" decoding="async" class="alignleft size-full wp-image-435" src="http://victor-sasportas.com/wp-content/uploads/2017/03/Affiche.jpg" alt="" width="670" height="947" srcset="http://victor-sasportas.com/wp-content/uploads/2017/03/Affiche.jpg 670w, http://victor-sasportas.com/wp-content/uploads/2017/03/Affiche-212x300.jpg 212w" sizes="auto, (max-width: 670px) 100vw, 670px" /></p>

<p>Le salon 2017 se tiendra, comme précédemment, à la galerie de Nesle, 8 rue de Nesle, Paris (6ème). Il est vrai que le lieu est magique et situé dans un environnement excellent au cœur du Paris artistique. L’originalité de l’Académie Européenne des Arts France (AEAF) est de permettre l’expression de l’art sous toutes ses formes&hellip;</p>

<!-- This site is optimized with the Yoast SEO plugin v27.5 - https://yoast.com/product/yoast-seo-wordpress/ -->
<title>Salon International des Arts 2017, Paris - VICTOR SASPORTAS</title>
<meta name="robots" content="index, follow, max-snippet:-1, max-image-preview:large, max-video-preview:-1" />
<link rel="canonical" href="http://victor-sasportas.com/index.php/event/salon-international-des-arts-2017-paris/" />
<meta property="og:locale" content="en_US" />
<meta property="og:type" content="article" />
<meta property="og:title" content="Salon International des Arts 2017, Paris - VICTOR SASPORTAS" />
<meta property="og:description" content="Le salon 2017 se tiendra, comme précédemment, à la galerie de Nesle, 8 rue de Nesle, Paris (6ème). Il est vrai que le lieu est magique et situé dans un environnement excellent au cœur du Paris artistique. L’originalité de l’Académie Européenne des Arts France (AEAF) est de permettre l’expression de l’art sous toutes ses formes&hellip;" />
<meta property="og:url" content="http://victor-sasportas.com/index.php/event/salon-international-des-arts-2017-paris/" />
<meta property="og:site_name" content="VICTOR SASPORTAS" />
<meta property="og:image" content="http://victor-sasportas.com/wp-content/uploads/2017/03/Affiche.jpg" />
<meta name="twitter:card" content="summary_large_image" />
<meta name="twitter:label1" content="Est. reading time" />
	<meta name="twitter:data1" content="1 minute" />
<script type="application/ld+json" class="yoast-schema-graph">{"@context":"https:\/\/schema.org","@graph":[{"@type":"WebPage","@id":"http:\/\/victor-sasportas.com\/index.php\/event\/salon-international-des-arts-2017-paris\/","url":"http:\/\/victor-sasportas.com\/index.php\/event\/salon-international-des-arts-2017-paris\/","name":"Salon International des Arts 2017, Paris - VICTOR SASPORTAS","isPartOf":{"@id":"https:\/\/victor-sasportas.com\/#website"},"primaryImageOfPage":{"@id":"http:\/\/victor-sasportas.com\/index.php\/event\/salon-international-des-arts-2017-paris\/#primaryimage"},"image":{"@id":"http:\/\/victor-sasportas.com\/index.php\/event\/salon-international-des-arts-2017-paris\/#primaryimage"},"thumbnailUrl":"http:\/\/victor-sasportas.com\/wp-content\/uploads\/2017\/03\/Affiche.jpg","datePublished":"2017-03-09T20:25:07+00:00","breadcrumb":{"@id":"http:\/\/victor-sasportas.com\/index.php\/event\/salon-international-des-arts-2017-paris\/#breadcrumb"},"inLanguage":"en-US","potentialAction":[{"@type":"ReadAction","target":["http:\/\/victor-sasportas.com\/index.php\/event\/salon-international-des-arts-2017-paris\/"]}]},{"@type":"ImageObject","inLanguage":"en-US","@id":"http:\/\/victor-sasportas.com\/index.php\/event\/salon-international-des-arts-2017-paris\/#primaryimage","url":"http:\/\/victor-sasportas.com\/wp-content\/uploads\/2017\/03\/Affiche.jpg","contentUrl":"http:\/\/victor-sasportas.com\/wp-content\/uploads\/2017\/03\/Affiche.jpg","width":670,"height":947},{"@type":"BreadcrumbList","@id":"http:\/\/victor-sasportas.com\/index.php\/event\/salon-international-des-arts-2017-paris\/#breadcrumb","itemListElement":[{"@type":"ListItem","position":1,"name":"Home","item":"https:\/\/victor-sasportas.com\/"},{"@type":"ListItem","position":2,"name":"Events","item":"http:\/\/victor-sasportas.com\/index.php\/events\/"},{"@type":"ListItem","position":3,"name":"Salon International des Arts 2017, Paris"}]},{"@type":"WebSite","@id":"https:\/\/victor-sasportas.com\/#website","url":"https:\/\/victor-sasportas.com\/","name":"VICTOR SASPORTAS","description":"Artiste Peintre Contemporain","potentialAction":[{"@type":"SearchAction","target":{"@type":"EntryPoint","urlTemplate":"https:\/\/victor-sasportas.com\/?s={search_term_string}"},"query-input":{"@type":"PropertyValueSpecification","valueRequired":true,"valueName":"search_term_string"}}],"inLanguage":"en-US"}]}</script>
<!-- / Yoast SEO plugin. -->

Le salon 2017 se tiendra, comme précédemment, à la galerie de Nesle, 8 rue de Nesle, Paris (6ème). Il est vrai que le lieu est magique et situé dans un environnement excellent au cœur du Paris artistique. L’originalité de l’Académie Européenne des Arts France (AEAF) est de permettre l’expression de l’art sous toutes ses formes&hellip;
