{"id":472,"date":"2017-08-28T22:32:56","date_gmt":"2017-08-28T21:32:56","guid":{"rendered":"http:\/\/victor-sasportas.com\/?post_type=tribe_events&#038;p=472"},"modified":"2017-09-24T10:56:04","modified_gmt":"2017-09-24T09:56:04","slug":"salon-dautomne-2017","status":"publish","type":"tribe_events","link":"http:\/\/victor-sasportas.com\/index.php\/event\/salon-dautomne-2017\/","title":{"rendered":"Salon d&#8217;Automne 2017"},"content":{"rendered":"<p>Pour sa 114\u00e8me \u00e9dition, le tr\u00e8s renomm\u00e9 Salon d\u2019Automne vous invite du jeudi 12 au dimanche 15 octobre 2017 pour (re)d\u00e9couvrir l\u2019Art d\u2019aujourd\u2019hui et de demain.<\/p>\n<p>Une importante programmation culturelle a lieu pendant toute la dur\u00e9e de l\u2019\u00e9v\u00e8nement alliant conf\u00e9rences, d\u00e9bats, musiques, d\u00e9fil\u00e9s de mode, performances.<\/p>\n<p>Fort de trois grandes personnalit\u00e9s, Jacques Villegl\u00e9, parrain de cette 114\u00e8me \u00e9dition, Yvon Taillandier invit\u00e9 d\u2019honneur, et Amboise Monod artiste-invit\u00e9, le Salon d\u2019Automne 2017 se veut le lieu de la Rencontre : la rencontre entre des Arts, des artistes, des professionnels du monde l\u2019art, mais surtout, la rencontre entre les Arts et son public.<\/p>\n<p><strong>Vernissage le Mercredi 11 Octobre 2017 \u00e0 1<\/strong><strong>7h30.<\/strong><\/p>\n<p><img loading=\"lazy\" decoding=\"async\" class=\"alignleft wp-image-504 size-medium\" src=\"http:\/\/victor-sasportas.com\/wp-content\/uploads\/2017\/08\/salon-automne-201710-recto-212x300.png\" alt=\"\" width=\"212\" height=\"300\" srcset=\"http:\/\/victor-sasportas.com\/wp-content\/uploads\/2017\/08\/salon-automne-201710-recto-212x300.png 212w, http:\/\/victor-sasportas.com\/wp-content\/uploads\/2017\/08\/salon-automne-201710-recto-768x1086.png 768w, http:\/\/victor-sasportas.com\/wp-content\/uploads\/2017\/08\/salon-automne-201710-recto-724x1024.png 724w, http:\/\/victor-sasportas.com\/wp-content\/uploads\/2017\/08\/salon-automne-201710-recto.png 1613w\" sizes=\"auto, (max-width: 212px) 100vw, 212px\" \/> <img loading=\"lazy\" decoding=\"async\" class=\"alignleft wp-image-505 size-medium\" src=\"http:\/\/victor-sasportas.com\/wp-content\/uploads\/2017\/08\/salon-automne-201710-verso-212x300.png\" alt=\"\" width=\"212\" height=\"300\" srcset=\"http:\/\/victor-sasportas.com\/wp-content\/uploads\/2017\/08\/salon-automne-201710-verso-212x300.png 212w, http:\/\/victor-sasportas.com\/wp-content\/uploads\/2017\/08\/salon-automne-201710-verso-768x1086.png 768w, http:\/\/victor-sasportas.com\/wp-content\/uploads\/2017\/08\/salon-automne-201710-verso-724x1024.png 724w, http:\/\/victor-sasportas.com\/wp-content\/uploads\/2017\/08\/salon-automne-201710-verso.png 1576w\" sizes=\"auto, (max-width: 212px) 100vw, 212px\" \/><\/p>\n","protected":false},"excerpt":{"rendered":"<p>Pour sa 114\u00e8me \u00e9dition, le tr\u00e8s renomm\u00e9 Salon d\u2019Automne vous invite du jeudi 12 au dimanche 15 octobre 2017 pour (re)d\u00e9couvrir l\u2019Art d\u2019aujourd\u2019hui et de demain. Une importante programmation culturelle a lieu pendant toute la dur\u00e9e de l\u2019\u00e9v\u00e8nement alliant conf\u00e9rences, d\u00e9bats, musiques, d\u00e9fil\u00e9s de mode, performances. Fort de trois grandes personnalit\u00e9s, Jacques Villegl\u00e9, parrain de&hellip;<\/p>\n","protected":false},"author":1,"featured_media":0,"template":"","meta":{"_exactmetrics_skip_tracking":false,"_exactmetrics_sitenote_active":false,"_exactmetrics_sitenote_note":"","_exactmetrics_sitenote_category":0,"_tribe_events_status":"","_tribe_events_status_reason":"","footnotes":""},"tags":[],"tribe_events_cat":[],"class_list":["post-472","tribe_events","type-tribe_events","status-publish","hentry"],"yoast_head":"<!-- This site is optimized with the Yoast SEO plugin v27.5 - https:\/\/yoast.com\/product\/yoast-seo-wordpress\/ -->\n<title>Salon d&#039;Automne 2017 - VICTOR SASPORTAS<\/title>\n<meta name=\"robots\" content=\"index, follow, max-snippet:-1, max-image-preview:large, max-video-preview:-1\" \/>\n<link rel=\"canonical\" href=\"http:\/\/victor-sasportas.com\/index.php\/event\/salon-dautomne-2017\/\" \/>\n<meta property=\"og:locale\" content=\"en_US\" \/>\n<meta property=\"og:type\" content=\"article\" \/>\n<meta property=\"og:title\" content=\"Salon d&#039;Automne 2017 - VICTOR SASPORTAS\" \/>\n<meta property=\"og:description\" content=\"Pour sa 114\u00e8me \u00e9dition, le tr\u00e8s renomm\u00e9 Salon d\u2019Automne vous invite du jeudi 12 au dimanche 15 octobre 2017 pour (re)d\u00e9couvrir l\u2019Art d\u2019aujourd\u2019hui et de demain. Une importante programmation culturelle a lieu pendant toute la dur\u00e9e de l\u2019\u00e9v\u00e8nement alliant conf\u00e9rences, d\u00e9bats, musiques, d\u00e9fil\u00e9s de mode, performances. Fort de trois grandes personnalit\u00e9s, Jacques Villegl\u00e9, parrain de&hellip;\" \/>\n<meta property=\"og:url\" content=\"http:\/\/victor-sasportas.com\/index.php\/event\/salon-dautomne-2017\/\" \/>\n<meta property=\"og:site_name\" content=\"VICTOR SASPORTAS\" \/>\n<meta property=\"article:modified_time\" content=\"2017-09-24T09:56:04+00:00\" \/>\n<meta property=\"og:image\" content=\"http:\/\/victor-sasportas.com\/wp-content\/uploads\/2017\/08\/salon-automne-201710-recto-212x300.png\" \/>\n<meta name=\"twitter:card\" content=\"summary_large_image\" \/>\n<meta name=\"twitter:label1\" content=\"Est. reading time\" \/>\n\t<meta name=\"twitter:data1\" content=\"1 minute\" \/>\n<script type=\"application\/ld+json\" class=\"yoast-schema-graph\">{\"@context\":\"https:\\\/\\\/schema.org\",\"@graph\":[{\"@type\":\"WebPage\",\"@id\":\"http:\\\/\\\/victor-sasportas.com\\\/index.php\\\/event\\\/salon-dautomne-2017\\\/\",\"url\":\"http:\\\/\\\/victor-sasportas.com\\\/index.php\\\/event\\\/salon-dautomne-2017\\\/\",\"name\":\"Salon d'Automne 2017 - VICTOR SASPORTAS\",\"isPartOf\":{\"@id\":\"http:\\\/\\\/victor-sasportas.com\\\/#website\"},\"primaryImageOfPage\":{\"@id\":\"http:\\\/\\\/victor-sasportas.com\\\/index.php\\\/event\\\/salon-dautomne-2017\\\/#primaryimage\"},\"image\":{\"@id\":\"http:\\\/\\\/victor-sasportas.com\\\/index.php\\\/event\\\/salon-dautomne-2017\\\/#primaryimage\"},\"thumbnailUrl\":\"http:\\\/\\\/victor-sasportas.com\\\/wp-content\\\/uploads\\\/2017\\\/08\\\/salon-automne-201710-recto-212x300.png\",\"datePublished\":\"2017-08-28T21:32:56+00:00\",\"dateModified\":\"2017-09-24T09:56:04+00:00\",\"breadcrumb\":{\"@id\":\"http:\\\/\\\/victor-sasportas.com\\\/index.php\\\/event\\\/salon-dautomne-2017\\\/#breadcrumb\"},\"inLanguage\":\"en-US\",\"potentialAction\":[{\"@type\":\"ReadAction\",\"target\":[\"http:\\\/\\\/victor-sasportas.com\\\/index.php\\\/event\\\/salon-dautomne-2017\\\/\"]}]},{\"@type\":\"ImageObject\",\"inLanguage\":\"en-US\",\"@id\":\"http:\\\/\\\/victor-sasportas.com\\\/index.php\\\/event\\\/salon-dautomne-2017\\\/#primaryimage\",\"url\":\"http:\\\/\\\/victor-sasportas.com\\\/wp-content\\\/uploads\\\/2017\\\/08\\\/salon-automne-201710-recto.png\",\"contentUrl\":\"http:\\\/\\\/victor-sasportas.com\\\/wp-content\\\/uploads\\\/2017\\\/08\\\/salon-automne-201710-recto.png\",\"width\":1613,\"height\":2280},{\"@type\":\"BreadcrumbList\",\"@id\":\"http:\\\/\\\/victor-sasportas.com\\\/index.php\\\/event\\\/salon-dautomne-2017\\\/#breadcrumb\",\"itemListElement\":[{\"@type\":\"ListItem\",\"position\":1,\"name\":\"Home\",\"item\":\"http:\\\/\\\/victor-sasportas.com\\\/\"},{\"@type\":\"ListItem\",\"position\":2,\"name\":\"Events\",\"item\":\"https:\\\/\\\/victor-sasportas.com\\\/index.php\\\/events\\\/\"},{\"@type\":\"ListItem\",\"position\":3,\"name\":\"Salon d&#8217;Automne 2017\"}]},{\"@type\":\"WebSite\",\"@id\":\"http:\\\/\\\/victor-sasportas.com\\\/#website\",\"url\":\"http:\\\/\\\/victor-sasportas.com\\\/\",\"name\":\"VICTOR SASPORTAS\",\"description\":\"Artiste Peintre Contemporain\",\"potentialAction\":[{\"@type\":\"SearchAction\",\"target\":{\"@type\":\"EntryPoint\",\"urlTemplate\":\"http:\\\/\\\/victor-sasportas.com\\\/?s={search_term_string}\"},\"query-input\":{\"@type\":\"PropertyValueSpecification\",\"valueRequired\":true,\"valueName\":\"search_term_string\"}}],\"inLanguage\":\"en-US\"}]}<\/script>\n<!-- \/ Yoast SEO plugin. -->","yoast_head_json":{"title":"Salon d'Automne 2017 - VICTOR SASPORTAS","robots":{"index":"index","follow":"follow","max-snippet":"max-snippet:-1","max-image-preview":"max-image-preview:large","max-video-preview":"max-video-preview:-1"},"canonical":"http:\/\/victor-sasportas.com\/index.php\/event\/salon-dautomne-2017\/","og_locale":"en_US","og_type":"article","og_title":"Salon d'Automne 2017 - VICTOR SASPORTAS","og_description":"Pour sa 114\u00e8me \u00e9dition, le tr\u00e8s renomm\u00e9 Salon d\u2019Automne vous invite du jeudi 12 au dimanche 15 octobre 2017 pour (re)d\u00e9couvrir l\u2019Art d\u2019aujourd\u2019hui et de demain. Une importante programmation culturelle a lieu pendant toute la dur\u00e9e de l\u2019\u00e9v\u00e8nement alliant conf\u00e9rences, d\u00e9bats, musiques, d\u00e9fil\u00e9s de mode, performances. Fort de trois grandes personnalit\u00e9s, Jacques Villegl\u00e9, parrain de&hellip;","og_url":"http:\/\/victor-sasportas.com\/index.php\/event\/salon-dautomne-2017\/","og_site_name":"VICTOR SASPORTAS","article_modified_time":"2017-09-24T09:56:04+00:00","og_image":[{"url":"http:\/\/victor-sasportas.com\/wp-content\/uploads\/2017\/08\/salon-automne-201710-recto-212x300.png","type":"","width":"","height":""}],"twitter_card":"summary_large_image","twitter_misc":{"Est. reading time":"1 minute"},"schema":{"@context":"https:\/\/schema.org","@graph":[{"@type":"WebPage","@id":"http:\/\/victor-sasportas.com\/index.php\/event\/salon-dautomne-2017\/","url":"http:\/\/victor-sasportas.com\/index.php\/event\/salon-dautomne-2017\/","name":"Salon d'Automne 2017 - VICTOR SASPORTAS","isPartOf":{"@id":"http:\/\/victor-sasportas.com\/#website"},"primaryImageOfPage":{"@id":"http:\/\/victor-sasportas.com\/index.php\/event\/salon-dautomne-2017\/#primaryimage"},"image":{"@id":"http:\/\/victor-sasportas.com\/index.php\/event\/salon-dautomne-2017\/#primaryimage"},"thumbnailUrl":"http:\/\/victor-sasportas.com\/wp-content\/uploads\/2017\/08\/salon-automne-201710-recto-212x300.png","datePublished":"2017-08-28T21:32:56+00:00","dateModified":"2017-09-24T09:56:04+00:00","breadcrumb":{"@id":"http:\/\/victor-sasportas.com\/index.php\/event\/salon-dautomne-2017\/#breadcrumb"},"inLanguage":"en-US","potentialAction":[{"@type":"ReadAction","target":["http:\/\/victor-sasportas.com\/index.php\/event\/salon-dautomne-2017\/"]}]},{"@type":"ImageObject","inLanguage":"en-US","@id":"http:\/\/victor-sasportas.com\/index.php\/event\/salon-dautomne-2017\/#primaryimage","url":"http:\/\/victor-sasportas.com\/wp-content\/uploads\/2017\/08\/salon-automne-201710-recto.png","contentUrl":"http:\/\/victor-sasportas.com\/wp-content\/uploads\/2017\/08\/salon-automne-201710-recto.png","width":1613,"height":2280},{"@type":"BreadcrumbList","@id":"http:\/\/victor-sasportas.com\/index.php\/event\/salon-dautomne-2017\/#breadcrumb","itemListElement":[{"@type":"ListItem","position":1,"name":"Home","item":"http:\/\/victor-sasportas.com\/"},{"@type":"ListItem","position":2,"name":"Events","item":"https:\/\/victor-sasportas.com\/index.php\/events\/"},{"@type":"ListItem","position":3,"name":"Salon d&#8217;Automne 2017"}]},{"@type":"WebSite","@id":"http:\/\/victor-sasportas.com\/#website","url":"http:\/\/victor-sasportas.com\/","name":"VICTOR SASPORTAS","description":"Artiste Peintre Contemporain","potentialAction":[{"@type":"SearchAction","target":{"@type":"EntryPoint","urlTemplate":"http:\/\/victor-sasportas.com\/?s={search_term_string}"},"query-input":{"@type":"PropertyValueSpecification","valueRequired":true,"valueName":"search_term_string"}}],"inLanguage":"en-US"}]}},"_links":{"self":[{"href":"http:\/\/victor-sasportas.com\/index.php\/wp-json\/wp\/v2\/tribe_events\/472","targetHints":{"allow":["GET"]}}],"collection":[{"href":"http:\/\/victor-sasportas.com\/index.php\/wp-json\/wp\/v2\/tribe_events"}],"about":[{"href":"http:\/\/victor-sasportas.com\/index.php\/wp-json\/wp\/v2\/types\/tribe_events"}],"author":[{"embeddable":true,"href":"http:\/\/victor-sasportas.com\/index.php\/wp-json\/wp\/v2\/users\/1"}],"version-history":[{"count":4,"href":"http:\/\/victor-sasportas.com\/index.php\/wp-json\/wp\/v2\/tribe_events\/472\/revisions"}],"predecessor-version":[{"id":507,"href":"http:\/\/victor-sasportas.com\/index.php\/wp-json\/wp\/v2\/tribe_events\/472\/revisions\/507"}],"wp:attachment":[{"href":"http:\/\/victor-sasportas.com\/index.php\/wp-json\/wp\/v2\/media?parent=472"}],"wp:term":[{"taxonomy":"post_tag","embeddable":true,"href":"http:\/\/victor-sasportas.com\/index.php\/wp-json\/wp\/v2\/tags?post=472"},{"taxonomy":"tribe_events_cat","embeddable":true,"href":"http:\/\/victor-sasportas.com\/index.php\/wp-json\/wp\/v2\/tribe_events_cat?post=472"}],"curies":[{"name":"wp","href":"https:\/\/api.w.org\/{rel}","templated":true}]}}

<p>Pour sa 114ème édition, le très renommé Salon d’Automne vous invite du jeudi 12 au dimanche 15 octobre 2017 pour (re)découvrir l’Art d’aujourd’hui et de demain.</p>
<p>Une importante programmation culturelle a lieu pendant toute la durée de l’évènement alliant conférences, débats, musiques, défilés de mode, performances.</p>
<p>Fort de trois grandes personnalités, Jacques Villeglé, parrain de cette 114ème édition, Yvon Taillandier invité d’honneur, et Amboise Monod artiste-invité, le Salon d’Automne 2017 se veut le lieu de la Rencontre : la rencontre entre des Arts, des artistes, des professionnels du monde l’art, mais surtout, la rencontre entre les Arts et son public.</p>
<p><strong>Vernissage le Mercredi 11 Octobre 2017 à 1</strong><strong>7h30.</strong></p>
<p><img loading="lazy" decoding="async" class="alignleft wp-image-504 size-medium" src="http://victor-sasportas.com/wp-content/uploads/2017/08/salon-automne-201710-recto-212x300.png" alt="" width="212" height="300" srcset="http://victor-sasportas.com/wp-content/uploads/2017/08/salon-automne-201710-recto-212x300.png 212w, http://victor-sasportas.com/wp-content/uploads/2017/08/salon-automne-201710-recto-768x1086.png 768w, http://victor-sasportas.com/wp-content/uploads/2017/08/salon-automne-201710-recto-724x1024.png 724w, http://victor-sasportas.com/wp-content/uploads/2017/08/salon-automne-201710-recto.png 1613w" sizes="auto, (max-width: 212px) 100vw, 212px" /> <img loading="lazy" decoding="async" class="alignleft wp-image-505 size-medium" src="http://victor-sasportas.com/wp-content/uploads/2017/08/salon-automne-201710-verso-212x300.png" alt="" width="212" height="300" srcset="http://victor-sasportas.com/wp-content/uploads/2017/08/salon-automne-201710-verso-212x300.png 212w, http://victor-sasportas.com/wp-content/uploads/2017/08/salon-automne-201710-verso-768x1086.png 768w, http://victor-sasportas.com/wp-content/uploads/2017/08/salon-automne-201710-verso-724x1024.png 724w, http://victor-sasportas.com/wp-content/uploads/2017/08/salon-automne-201710-verso.png 1576w" sizes="auto, (max-width: 212px) 100vw, 212px" /></p>

<p>Pour sa 114ème édition, le très renommé Salon d’Automne vous invite du jeudi 12 au dimanche 15 octobre 2017 pour (re)découvrir l’Art d’aujourd’hui et de demain. Une importante programmation culturelle a lieu pendant toute la durée de l’évènement alliant conférences, débats, musiques, défilés de mode, performances. Fort de trois grandes personnalités, Jacques Villeglé, parrain de&hellip;</p>

<!-- This site is optimized with the Yoast SEO plugin v27.5 - https://yoast.com/product/yoast-seo-wordpress/ -->
<title>Salon d&#039;Automne 2017 - VICTOR SASPORTAS</title>
<meta name="robots" content="index, follow, max-snippet:-1, max-image-preview:large, max-video-preview:-1" />
<link rel="canonical" href="http://victor-sasportas.com/index.php/event/salon-dautomne-2017/" />
<meta property="og:locale" content="en_US" />
<meta property="og:type" content="article" />
<meta property="og:title" content="Salon d&#039;Automne 2017 - VICTOR SASPORTAS" />
<meta property="og:description" content="Pour sa 114ème édition, le très renommé Salon d’Automne vous invite du jeudi 12 au dimanche 15 octobre 2017 pour (re)découvrir l’Art d’aujourd’hui et de demain. Une importante programmation culturelle a lieu pendant toute la durée de l’évènement alliant conférences, débats, musiques, défilés de mode, performances. Fort de trois grandes personnalités, Jacques Villeglé, parrain de&hellip;" />
<meta property="og:url" content="http://victor-sasportas.com/index.php/event/salon-dautomne-2017/" />
<meta property="og:site_name" content="VICTOR SASPORTAS" />
<meta property="article:modified_time" content="2017-09-24T09:56:04+00:00" />
<meta property="og:image" content="http://victor-sasportas.com/wp-content/uploads/2017/08/salon-automne-201710-recto-212x300.png" />
<meta name="twitter:card" content="summary_large_image" />
<meta name="twitter:label1" content="Est. reading time" />
	<meta name="twitter:data1" content="1 minute" />
<script type="application/ld+json" class="yoast-schema-graph">{"@context":"https:\/\/schema.org","@graph":[{"@type":"WebPage","@id":"http:\/\/victor-sasportas.com\/index.php\/event\/salon-dautomne-2017\/","url":"http:\/\/victor-sasportas.com\/index.php\/event\/salon-dautomne-2017\/","name":"Salon d'Automne 2017 - VICTOR SASPORTAS","isPartOf":{"@id":"http:\/\/victor-sasportas.com\/#website"},"primaryImageOfPage":{"@id":"http:\/\/victor-sasportas.com\/index.php\/event\/salon-dautomne-2017\/#primaryimage"},"image":{"@id":"http:\/\/victor-sasportas.com\/index.php\/event\/salon-dautomne-2017\/#primaryimage"},"thumbnailUrl":"http:\/\/victor-sasportas.com\/wp-content\/uploads\/2017\/08\/salon-automne-201710-recto-212x300.png","datePublished":"2017-08-28T21:32:56+00:00","dateModified":"2017-09-24T09:56:04+00:00","breadcrumb":{"@id":"http:\/\/victor-sasportas.com\/index.php\/event\/salon-dautomne-2017\/#breadcrumb"},"inLanguage":"en-US","potentialAction":[{"@type":"ReadAction","target":["http:\/\/victor-sasportas.com\/index.php\/event\/salon-dautomne-2017\/"]}]},{"@type":"ImageObject","inLanguage":"en-US","@id":"http:\/\/victor-sasportas.com\/index.php\/event\/salon-dautomne-2017\/#primaryimage","url":"http:\/\/victor-sasportas.com\/wp-content\/uploads\/2017\/08\/salon-automne-201710-recto.png","contentUrl":"http:\/\/victor-sasportas.com\/wp-content\/uploads\/2017\/08\/salon-automne-201710-recto.png","width":1613,"height":2280},{"@type":"BreadcrumbList","@id":"http:\/\/victor-sasportas.com\/index.php\/event\/salon-dautomne-2017\/#breadcrumb","itemListElement":[{"@type":"ListItem","position":1,"name":"Home","item":"http:\/\/victor-sasportas.com\/"},{"@type":"ListItem","position":2,"name":"Events","item":"https:\/\/victor-sasportas.com\/index.php\/events\/"},{"@type":"ListItem","position":3,"name":"Salon d&#8217;Automne 2017"}]},{"@type":"WebSite","@id":"http:\/\/victor-sasportas.com\/#website","url":"http:\/\/victor-sasportas.com\/","name":"VICTOR SASPORTAS","description":"Artiste Peintre Contemporain","potentialAction":[{"@type":"SearchAction","target":{"@type":"EntryPoint","urlTemplate":"http:\/\/victor-sasportas.com\/?s={search_term_string}"},"query-input":{"@type":"PropertyValueSpecification","valueRequired":true,"valueName":"search_term_string"}}],"inLanguage":"en-US"}]}</script>
<!-- / Yoast SEO plugin. -->

Pour sa 114ème édition, le très renommé Salon d’Automne vous invite du jeudi 12 au dimanche 15 octobre 2017 pour (re)découvrir l’Art d’aujourd’hui et de demain. Une importante programmation culturelle a lieu pendant toute la durée de l’évènement alliant conférences, débats, musiques, défilés de mode, performances. Fort de trois grandes personnalités, Jacques Villeglé, parrain de&hellip;
