{"id":707,"date":"2019-09-14T22:37:55","date_gmt":"2019-09-14T21:37:55","guid":{"rendered":"http:\/\/victor-sasportas.com\/?post_type=tribe_events&#038;p=707"},"modified":"2019-09-14T22:38:22","modified_gmt":"2019-09-14T21:38:22","slug":"salon-dautomne-paris-2019","status":"publish","type":"tribe_events","link":"http:\/\/victor-sasportas.com\/index.php\/event\/salon-dautomne-paris-2019\/","title":{"rendered":"Salon d&#8217;Automne, Paris 2019"},"content":{"rendered":"<p>Le Salon d\u2019Automne est une association d\u2019artistes, sans but lucratif, n\u00e9e en 1903, reconnue d\u2019utilit\u00e9 publique depuis 1920, dont le but est l\u2019encouragement et le d\u00e9veloppement des beaux-arts dans toutes ses manifestations et particuli\u00e8rement par des expositions tant en France qu\u2019\u00e0 l\u2019\u00e9tranger.<\/p>\n<p>Il organise \u00e0 Paris une grande r\u00e9union annuelle de prestige qui met en avant plusieurs centaines d\u2019\u0153uvres d\u2019art dans toutes les disciplines.<\/p>\n<p><strong>Vernissage le Mercredi 9 Octobre de 18h \u00e0 22h<\/strong><\/p>\n<p><img loading=\"lazy\" decoding=\"async\" class=\"size-large wp-image-708 alignnone\" src=\"http:\/\/victor-sasportas.com\/wp-content\/uploads\/2019\/09\/IMG_5802-710x1024.jpg\" alt=\"\" width=\"710\" height=\"1024\" srcset=\"http:\/\/victor-sasportas.com\/wp-content\/uploads\/2019\/09\/IMG_5802-710x1024.jpg 710w, http:\/\/victor-sasportas.com\/wp-content\/uploads\/2019\/09\/IMG_5802-208x300.jpg 208w, http:\/\/victor-sasportas.com\/wp-content\/uploads\/2019\/09\/IMG_5802-768x1107.jpg 768w\" sizes=\"auto, (max-width: 710px) 100vw, 710px\" \/><\/p>\n<p><img loading=\"lazy\" decoding=\"async\" class=\"size-large wp-image-709 alignnone\" src=\"http:\/\/victor-sasportas.com\/wp-content\/uploads\/2019\/09\/IMG_5803-691x1024.jpg\" alt=\"\" width=\"691\" height=\"1024\" srcset=\"http:\/\/victor-sasportas.com\/wp-content\/uploads\/2019\/09\/IMG_5803-691x1024.jpg 691w, http:\/\/victor-sasportas.com\/wp-content\/uploads\/2019\/09\/IMG_5803-202x300.jpg 202w, http:\/\/victor-sasportas.com\/wp-content\/uploads\/2019\/09\/IMG_5803-768x1139.jpg 768w\" sizes=\"auto, (max-width: 691px) 100vw, 691px\" \/><\/p>\n","protected":false},"excerpt":{"rendered":"<p>Le Salon d\u2019Automne est une association d\u2019artistes, sans but lucratif, n\u00e9e en 1903, reconnue d\u2019utilit\u00e9 publique depuis 1920, dont le but est l\u2019encouragement et le d\u00e9veloppement des beaux-arts dans toutes ses manifestations et particuli\u00e8rement par des expositions tant en France qu\u2019\u00e0 l\u2019\u00e9tranger. Il organise \u00e0 Paris une grande r\u00e9union annuelle de prestige qui met en&hellip;<\/p>\n","protected":false},"author":1,"featured_media":0,"template":"","meta":{"_exactmetrics_skip_tracking":false,"_exactmetrics_sitenote_active":false,"_exactmetrics_sitenote_note":"","_exactmetrics_sitenote_category":0,"_tribe_events_status":"","_tribe_events_status_reason":"","footnotes":""},"tags":[],"tribe_events_cat":[],"class_list":["post-707","tribe_events","type-tribe_events","status-publish","hentry"],"yoast_head":"<!-- This site is optimized with the Yoast SEO plugin v27.5 - https:\/\/yoast.com\/product\/yoast-seo-wordpress\/ -->\n<title>Salon d&#039;Automne, Paris 2019 - VICTOR SASPORTAS<\/title>\n<meta name=\"robots\" content=\"index, follow, max-snippet:-1, max-image-preview:large, max-video-preview:-1\" \/>\n<link rel=\"canonical\" href=\"http:\/\/victor-sasportas.com\/index.php\/event\/salon-dautomne-paris-2019\/\" \/>\n<meta property=\"og:locale\" content=\"en_US\" \/>\n<meta property=\"og:type\" content=\"article\" \/>\n<meta property=\"og:title\" content=\"Salon d&#039;Automne, Paris 2019 - VICTOR SASPORTAS\" \/>\n<meta property=\"og:description\" content=\"Le Salon d\u2019Automne est une association d\u2019artistes, sans but lucratif, n\u00e9e en 1903, reconnue d\u2019utilit\u00e9 publique depuis 1920, dont le but est l\u2019encouragement et le d\u00e9veloppement des beaux-arts dans toutes ses manifestations et particuli\u00e8rement par des expositions tant en France qu\u2019\u00e0 l\u2019\u00e9tranger. Il organise \u00e0 Paris une grande r\u00e9union annuelle de prestige qui met en&hellip;\" \/>\n<meta property=\"og:url\" content=\"http:\/\/victor-sasportas.com\/index.php\/event\/salon-dautomne-paris-2019\/\" \/>\n<meta property=\"og:site_name\" content=\"VICTOR SASPORTAS\" \/>\n<meta property=\"article:modified_time\" content=\"2019-09-14T21:38:22+00:00\" \/>\n<meta property=\"og:image\" content=\"http:\/\/victor-sasportas.com\/wp-content\/uploads\/2019\/09\/IMG_5802-710x1024.jpg\" \/>\n<meta name=\"twitter:card\" content=\"summary_large_image\" \/>\n<script type=\"application\/ld+json\" class=\"yoast-schema-graph\">{\"@context\":\"https:\\\/\\\/schema.org\",\"@graph\":[{\"@type\":\"WebPage\",\"@id\":\"http:\\\/\\\/victor-sasportas.com\\\/index.php\\\/event\\\/salon-dautomne-paris-2019\\\/\",\"url\":\"http:\\\/\\\/victor-sasportas.com\\\/index.php\\\/event\\\/salon-dautomne-paris-2019\\\/\",\"name\":\"Salon d'Automne, Paris 2019 - VICTOR SASPORTAS\",\"isPartOf\":{\"@id\":\"http:\\\/\\\/victor-sasportas.com\\\/#website\"},\"primaryImageOfPage\":{\"@id\":\"http:\\\/\\\/victor-sasportas.com\\\/index.php\\\/event\\\/salon-dautomne-paris-2019\\\/#primaryimage\"},\"image\":{\"@id\":\"http:\\\/\\\/victor-sasportas.com\\\/index.php\\\/event\\\/salon-dautomne-paris-2019\\\/#primaryimage\"},\"thumbnailUrl\":\"http:\\\/\\\/victor-sasportas.com\\\/wp-content\\\/uploads\\\/2019\\\/09\\\/IMG_5802-710x1024.jpg\",\"datePublished\":\"2019-09-14T21:37:55+00:00\",\"dateModified\":\"2019-09-14T21:38:22+00:00\",\"breadcrumb\":{\"@id\":\"http:\\\/\\\/victor-sasportas.com\\\/index.php\\\/event\\\/salon-dautomne-paris-2019\\\/#breadcrumb\"},\"inLanguage\":\"en-US\",\"potentialAction\":[{\"@type\":\"ReadAction\",\"target\":[\"http:\\\/\\\/victor-sasportas.com\\\/index.php\\\/event\\\/salon-dautomne-paris-2019\\\/\"]}]},{\"@type\":\"ImageObject\",\"inLanguage\":\"en-US\",\"@id\":\"http:\\\/\\\/victor-sasportas.com\\\/index.php\\\/event\\\/salon-dautomne-paris-2019\\\/#primaryimage\",\"url\":\"http:\\\/\\\/victor-sasportas.com\\\/wp-content\\\/uploads\\\/2019\\\/09\\\/IMG_5802.jpg\",\"contentUrl\":\"http:\\\/\\\/victor-sasportas.com\\\/wp-content\\\/uploads\\\/2019\\\/09\\\/IMG_5802.jpg\",\"width\":2535,\"height\":3654},{\"@type\":\"BreadcrumbList\",\"@id\":\"http:\\\/\\\/victor-sasportas.com\\\/index.php\\\/event\\\/salon-dautomne-paris-2019\\\/#breadcrumb\",\"itemListElement\":[{\"@type\":\"ListItem\",\"position\":1,\"name\":\"Home\",\"item\":\"http:\\\/\\\/victor-sasportas.com\\\/\"},{\"@type\":\"ListItem\",\"position\":2,\"name\":\"Events\",\"item\":\"https:\\\/\\\/victor-sasportas.com\\\/index.php\\\/events\\\/\"},{\"@type\":\"ListItem\",\"position\":3,\"name\":\"Salon d&#8217;Automne, Paris 2019\"}]},{\"@type\":\"WebSite\",\"@id\":\"http:\\\/\\\/victor-sasportas.com\\\/#website\",\"url\":\"http:\\\/\\\/victor-sasportas.com\\\/\",\"name\":\"VICTOR SASPORTAS\",\"description\":\"Artiste Peintre Contemporain\",\"potentialAction\":[{\"@type\":\"SearchAction\",\"target\":{\"@type\":\"EntryPoint\",\"urlTemplate\":\"http:\\\/\\\/victor-sasportas.com\\\/?s={search_term_string}\"},\"query-input\":{\"@type\":\"PropertyValueSpecification\",\"valueRequired\":true,\"valueName\":\"search_term_string\"}}],\"inLanguage\":\"en-US\"}]}<\/script>\n<!-- \/ Yoast SEO plugin. -->","yoast_head_json":{"title":"Salon d'Automne, Paris 2019 - VICTOR SASPORTAS","robots":{"index":"index","follow":"follow","max-snippet":"max-snippet:-1","max-image-preview":"max-image-preview:large","max-video-preview":"max-video-preview:-1"},"canonical":"http:\/\/victor-sasportas.com\/index.php\/event\/salon-dautomne-paris-2019\/","og_locale":"en_US","og_type":"article","og_title":"Salon d'Automne, Paris 2019 - VICTOR SASPORTAS","og_description":"Le Salon d\u2019Automne est une association d\u2019artistes, sans but lucratif, n\u00e9e en 1903, reconnue d\u2019utilit\u00e9 publique depuis 1920, dont le but est l\u2019encouragement et le d\u00e9veloppement des beaux-arts dans toutes ses manifestations et particuli\u00e8rement par des expositions tant en France qu\u2019\u00e0 l\u2019\u00e9tranger. Il organise \u00e0 Paris une grande r\u00e9union annuelle de prestige qui met en&hellip;","og_url":"http:\/\/victor-sasportas.com\/index.php\/event\/salon-dautomne-paris-2019\/","og_site_name":"VICTOR SASPORTAS","article_modified_time":"2019-09-14T21:38:22+00:00","og_image":[{"url":"http:\/\/victor-sasportas.com\/wp-content\/uploads\/2019\/09\/IMG_5802-710x1024.jpg","type":"","width":"","height":""}],"twitter_card":"summary_large_image","schema":{"@context":"https:\/\/schema.org","@graph":[{"@type":"WebPage","@id":"http:\/\/victor-sasportas.com\/index.php\/event\/salon-dautomne-paris-2019\/","url":"http:\/\/victor-sasportas.com\/index.php\/event\/salon-dautomne-paris-2019\/","name":"Salon d'Automne, Paris 2019 - VICTOR SASPORTAS","isPartOf":{"@id":"http:\/\/victor-sasportas.com\/#website"},"primaryImageOfPage":{"@id":"http:\/\/victor-sasportas.com\/index.php\/event\/salon-dautomne-paris-2019\/#primaryimage"},"image":{"@id":"http:\/\/victor-sasportas.com\/index.php\/event\/salon-dautomne-paris-2019\/#primaryimage"},"thumbnailUrl":"http:\/\/victor-sasportas.com\/wp-content\/uploads\/2019\/09\/IMG_5802-710x1024.jpg","datePublished":"2019-09-14T21:37:55+00:00","dateModified":"2019-09-14T21:38:22+00:00","breadcrumb":{"@id":"http:\/\/victor-sasportas.com\/index.php\/event\/salon-dautomne-paris-2019\/#breadcrumb"},"inLanguage":"en-US","potentialAction":[{"@type":"ReadAction","target":["http:\/\/victor-sasportas.com\/index.php\/event\/salon-dautomne-paris-2019\/"]}]},{"@type":"ImageObject","inLanguage":"en-US","@id":"http:\/\/victor-sasportas.com\/index.php\/event\/salon-dautomne-paris-2019\/#primaryimage","url":"http:\/\/victor-sasportas.com\/wp-content\/uploads\/2019\/09\/IMG_5802.jpg","contentUrl":"http:\/\/victor-sasportas.com\/wp-content\/uploads\/2019\/09\/IMG_5802.jpg","width":2535,"height":3654},{"@type":"BreadcrumbList","@id":"http:\/\/victor-sasportas.com\/index.php\/event\/salon-dautomne-paris-2019\/#breadcrumb","itemListElement":[{"@type":"ListItem","position":1,"name":"Home","item":"http:\/\/victor-sasportas.com\/"},{"@type":"ListItem","position":2,"name":"Events","item":"https:\/\/victor-sasportas.com\/index.php\/events\/"},{"@type":"ListItem","position":3,"name":"Salon d&#8217;Automne, Paris 2019"}]},{"@type":"WebSite","@id":"http:\/\/victor-sasportas.com\/#website","url":"http:\/\/victor-sasportas.com\/","name":"VICTOR SASPORTAS","description":"Artiste Peintre Contemporain","potentialAction":[{"@type":"SearchAction","target":{"@type":"EntryPoint","urlTemplate":"http:\/\/victor-sasportas.com\/?s={search_term_string}"},"query-input":{"@type":"PropertyValueSpecification","valueRequired":true,"valueName":"search_term_string"}}],"inLanguage":"en-US"}]}},"_links":{"self":[{"href":"http:\/\/victor-sasportas.com\/index.php\/wp-json\/wp\/v2\/tribe_events\/707","targetHints":{"allow":["GET"]}}],"collection":[{"href":"http:\/\/victor-sasportas.com\/index.php\/wp-json\/wp\/v2\/tribe_events"}],"about":[{"href":"http:\/\/victor-sasportas.com\/index.php\/wp-json\/wp\/v2\/types\/tribe_events"}],"author":[{"embeddable":true,"href":"http:\/\/victor-sasportas.com\/index.php\/wp-json\/wp\/v2\/users\/1"}],"version-history":[{"count":2,"href":"http:\/\/victor-sasportas.com\/index.php\/wp-json\/wp\/v2\/tribe_events\/707\/revisions"}],"predecessor-version":[{"id":711,"href":"http:\/\/victor-sasportas.com\/index.php\/wp-json\/wp\/v2\/tribe_events\/707\/revisions\/711"}],"wp:attachment":[{"href":"http:\/\/victor-sasportas.com\/index.php\/wp-json\/wp\/v2\/media?parent=707"}],"wp:term":[{"taxonomy":"post_tag","embeddable":true,"href":"http:\/\/victor-sasportas.com\/index.php\/wp-json\/wp\/v2\/tags?post=707"},{"taxonomy":"tribe_events_cat","embeddable":true,"href":"http:\/\/victor-sasportas.com\/index.php\/wp-json\/wp\/v2\/tribe_events_cat?post=707"}],"curies":[{"name":"wp","href":"https:\/\/api.w.org\/{rel}","templated":true}]}}

<p>Le Salon d’Automne est une association d’artistes, sans but lucratif, née en 1903, reconnue d’utilité publique depuis 1920, dont le but est l’encouragement et le développement des beaux-arts dans toutes ses manifestations et particulièrement par des expositions tant en France qu’à l’étranger.</p>
<p>Il organise à Paris une grande réunion annuelle de prestige qui met en avant plusieurs centaines d’œuvres d’art dans toutes les disciplines.</p>
<p><strong>Vernissage le Mercredi 9 Octobre de 18h à 22h</strong></p>
<p><img loading="lazy" decoding="async" class="size-large wp-image-708 alignnone" src="http://victor-sasportas.com/wp-content/uploads/2019/09/IMG_5802-710x1024.jpg" alt="" width="710" height="1024" srcset="http://victor-sasportas.com/wp-content/uploads/2019/09/IMG_5802-710x1024.jpg 710w, http://victor-sasportas.com/wp-content/uploads/2019/09/IMG_5802-208x300.jpg 208w, http://victor-sasportas.com/wp-content/uploads/2019/09/IMG_5802-768x1107.jpg 768w" sizes="auto, (max-width: 710px) 100vw, 710px" /></p>
<p><img loading="lazy" decoding="async" class="size-large wp-image-709 alignnone" src="http://victor-sasportas.com/wp-content/uploads/2019/09/IMG_5803-691x1024.jpg" alt="" width="691" height="1024" srcset="http://victor-sasportas.com/wp-content/uploads/2019/09/IMG_5803-691x1024.jpg 691w, http://victor-sasportas.com/wp-content/uploads/2019/09/IMG_5803-202x300.jpg 202w, http://victor-sasportas.com/wp-content/uploads/2019/09/IMG_5803-768x1139.jpg 768w" sizes="auto, (max-width: 691px) 100vw, 691px" /></p>

<p>Le Salon d’Automne est une association d’artistes, sans but lucratif, née en 1903, reconnue d’utilité publique depuis 1920, dont le but est l’encouragement et le développement des beaux-arts dans toutes ses manifestations et particulièrement par des expositions tant en France qu’à l’étranger. Il organise à Paris une grande réunion annuelle de prestige qui met en&hellip;</p>

<!-- This site is optimized with the Yoast SEO plugin v27.5 - https://yoast.com/product/yoast-seo-wordpress/ -->
<title>Salon d&#039;Automne, Paris 2019 - VICTOR SASPORTAS</title>
<meta name="robots" content="index, follow, max-snippet:-1, max-image-preview:large, max-video-preview:-1" />
<link rel="canonical" href="http://victor-sasportas.com/index.php/event/salon-dautomne-paris-2019/" />
<meta property="og:locale" content="en_US" />
<meta property="og:type" content="article" />
<meta property="og:title" content="Salon d&#039;Automne, Paris 2019 - VICTOR SASPORTAS" />
<meta property="og:description" content="Le Salon d’Automne est une association d’artistes, sans but lucratif, née en 1903, reconnue d’utilité publique depuis 1920, dont le but est l’encouragement et le développement des beaux-arts dans toutes ses manifestations et particulièrement par des expositions tant en France qu’à l’étranger. Il organise à Paris une grande réunion annuelle de prestige qui met en&hellip;" />
<meta property="og:url" content="http://victor-sasportas.com/index.php/event/salon-dautomne-paris-2019/" />
<meta property="og:site_name" content="VICTOR SASPORTAS" />
<meta property="article:modified_time" content="2019-09-14T21:38:22+00:00" />
<meta property="og:image" content="http://victor-sasportas.com/wp-content/uploads/2019/09/IMG_5802-710x1024.jpg" />
<meta name="twitter:card" content="summary_large_image" />
<script type="application/ld+json" class="yoast-schema-graph">{"@context":"https:\/\/schema.org","@graph":[{"@type":"WebPage","@id":"http:\/\/victor-sasportas.com\/index.php\/event\/salon-dautomne-paris-2019\/","url":"http:\/\/victor-sasportas.com\/index.php\/event\/salon-dautomne-paris-2019\/","name":"Salon d'Automne, Paris 2019 - VICTOR SASPORTAS","isPartOf":{"@id":"http:\/\/victor-sasportas.com\/#website"},"primaryImageOfPage":{"@id":"http:\/\/victor-sasportas.com\/index.php\/event\/salon-dautomne-paris-2019\/#primaryimage"},"image":{"@id":"http:\/\/victor-sasportas.com\/index.php\/event\/salon-dautomne-paris-2019\/#primaryimage"},"thumbnailUrl":"http:\/\/victor-sasportas.com\/wp-content\/uploads\/2019\/09\/IMG_5802-710x1024.jpg","datePublished":"2019-09-14T21:37:55+00:00","dateModified":"2019-09-14T21:38:22+00:00","breadcrumb":{"@id":"http:\/\/victor-sasportas.com\/index.php\/event\/salon-dautomne-paris-2019\/#breadcrumb"},"inLanguage":"en-US","potentialAction":[{"@type":"ReadAction","target":["http:\/\/victor-sasportas.com\/index.php\/event\/salon-dautomne-paris-2019\/"]}]},{"@type":"ImageObject","inLanguage":"en-US","@id":"http:\/\/victor-sasportas.com\/index.php\/event\/salon-dautomne-paris-2019\/#primaryimage","url":"http:\/\/victor-sasportas.com\/wp-content\/uploads\/2019\/09\/IMG_5802.jpg","contentUrl":"http:\/\/victor-sasportas.com\/wp-content\/uploads\/2019\/09\/IMG_5802.jpg","width":2535,"height":3654},{"@type":"BreadcrumbList","@id":"http:\/\/victor-sasportas.com\/index.php\/event\/salon-dautomne-paris-2019\/#breadcrumb","itemListElement":[{"@type":"ListItem","position":1,"name":"Home","item":"http:\/\/victor-sasportas.com\/"},{"@type":"ListItem","position":2,"name":"Events","item":"https:\/\/victor-sasportas.com\/index.php\/events\/"},{"@type":"ListItem","position":3,"name":"Salon d&#8217;Automne, Paris 2019"}]},{"@type":"WebSite","@id":"http:\/\/victor-sasportas.com\/#website","url":"http:\/\/victor-sasportas.com\/","name":"VICTOR SASPORTAS","description":"Artiste Peintre Contemporain","potentialAction":[{"@type":"SearchAction","target":{"@type":"EntryPoint","urlTemplate":"http:\/\/victor-sasportas.com\/?s={search_term_string}"},"query-input":{"@type":"PropertyValueSpecification","valueRequired":true,"valueName":"search_term_string"}}],"inLanguage":"en-US"}]}</script>
<!-- / Yoast SEO plugin. -->

Le Salon d’Automne est une association d’artistes, sans but lucratif, née en 1903, reconnue d’utilité publique depuis 1920, dont le but est l’encouragement et le développement des beaux-arts dans toutes ses manifestations et particulièrement par des expositions tant en France qu’à l’étranger. Il organise à Paris une grande réunion annuelle de prestige qui met en&hellip;
