{"version":"1.0","provider_name":"VICTOR SASPORTAS","provider_url":"https:\/\/victor-sasportas.com","author_name":"admin7577","author_url":"https:\/\/victor-sasportas.com\/index.php\/author\/admin7577\/","title":"Salon International des Arts 2017, Paris - VICTOR SASPORTAS","type":"rich","width":600,"height":338,"html":"<blockquote class=\"wp-embedded-content\" data-secret=\"HiXoN36EAD\"><a href=\"https:\/\/victor-sasportas.com\/index.php\/event\/salon-international-des-arts-2017-paris\/\">Salon International des Arts 2017, Paris<\/a><\/blockquote><iframe sandbox=\"allow-scripts\" security=\"restricted\" src=\"https:\/\/victor-sasportas.com\/index.php\/event\/salon-international-des-arts-2017-paris\/embed\/#?secret=HiXoN36EAD\" width=\"600\" height=\"338\" title=\"&#8220;Salon International des Arts 2017, Paris&#8221; &#8212; VICTOR SASPORTAS\" data-secret=\"HiXoN36EAD\" frameborder=\"0\" marginwidth=\"0\" marginheight=\"0\" scrolling=\"no\" class=\"wp-embedded-content\"><\/iframe><script type=\"text\/javascript\">\n\/* <![CDATA[ *\/\n\/*! This file is auto-generated *\/\n!function(d,l){\"use strict\";l.querySelector&&d.addEventListener&&\"undefined\"!=typeof URL&&(d.wp=d.wp||{},d.wp.receiveEmbedMessage||(d.wp.receiveEmbedMessage=function(e){var t=e.data;if((t||t.secret||t.message||t.value)&&!\/[^a-zA-Z0-9]\/.test(t.secret)){for(var s,r,n,a=l.querySelectorAll('iframe[data-secret=\"'+t.secret+'\"]'),o=l.querySelectorAll('blockquote[data-secret=\"'+t.secret+'\"]'),c=new RegExp(\"^https?:$\",\"i\"),i=0;i<o.length;i++)o[i].style.display=\"none\";for(i=0;i<a.length;i++)s=a[i],e.source===s.contentWindow&&(s.removeAttribute(\"style\"),\"height\"===t.message?(1e3<(r=parseInt(t.value,10))?r=1e3:~~r<200&&(r=200),s.height=r):\"link\"===t.message&&(r=new URL(s.getAttribute(\"src\")),n=new URL(t.value),c.test(n.protocol))&&n.host===r.host&&l.activeElement===s&&(d.top.location.href=t.value))}},d.addEventListener(\"message\",d.wp.receiveEmbedMessage,!1),l.addEventListener(\"DOMContentLoaded\",function(){for(var e,t,s=l.querySelectorAll(\"iframe.wp-embedded-content\"),r=0;r<s.length;r++)(t=(e=s[r]).getAttribute(\"data-secret\"))||(t=Math.random().toString(36).substring(2,12),e.src+=\"#?secret=\"+t,e.setAttribute(\"data-secret\",t)),e.contentWindow.postMessage({message:\"ready\",secret:t},\"*\")},!1)))}(window,document);\n\/\/# sourceURL=https:\/\/victor-sasportas.com\/wp-includes\/js\/wp-embed.min.js\n\/* ]]> *\/\n<\/script>\n","description":"Le salon 2017 se tiendra, comme pr\u00e9c\u00e9demment, \u00e0 la galerie de Nesle, 8 rue de Nesle, Paris (6\u00e8me). Il est vrai que le lieu est magique et situ\u00e9 dans un environnement excellent au c\u0153ur du Paris artistique. L\u2019originalit\u00e9 de l\u2019Acad\u00e9mie Europ\u00e9enne des Arts France (AEAF) est de permettre l\u2019expression de l\u2019art sous toutes ses formes&hellip;","thumbnail_url":"http:\/\/victor-sasportas.com\/wp-content\/uploads\/2017\/03\/Affiche.jpg"}

Le salon 2017 se tiendra, comme précédemment, à la galerie de Nesle, 8 rue de Nesle, Paris (6ème). Il est vrai que le lieu est magique et situé dans un environnement excellent au cœur du Paris artistique. L’originalité de l’Académie Européenne des Arts France (AEAF) est de permettre l’expression de l’art sous toutes ses formes&hellip;
