{"id":27,"date":"2016-05-13T21:35:18","date_gmt":"2016-05-13T20:35:18","guid":{"rendered":"http:\/\/victor-sasportas.com\/?page_id=27"},"modified":"2016-05-14T13:17:56","modified_gmt":"2016-05-14T12:17:56","slug":"accueil","status":"publish","type":"page","link":"https:\/\/victor-sasportas.com\/","title":{"rendered":"Accueil"},"content":{"rendered":"<p><img loading=\"lazy\" decoding=\"async\" class=\"size-full wp-image-164 aligncenter\" src=\"http:\/\/victor-sasportas.com\/wp-content\/uploads\/2016\/05\/Atelier-1024x678.jpg\" alt=\"Atelier-1024x678\" width=\"1024\" height=\"678\" srcset=\"https:\/\/victor-sasportas.com\/wp-content\/uploads\/2016\/05\/Atelier-1024x678.jpg 1024w, https:\/\/victor-sasportas.com\/wp-content\/uploads\/2016\/05\/Atelier-1024x678-300x199.jpg 300w, https:\/\/victor-sasportas.com\/wp-content\/uploads\/2016\/05\/Atelier-1024x678-768x509.jpg 768w\" sizes=\"auto, (max-width: 1024px) 100vw, 1024px\" \/><br \/>\nVictor SASPORTAS signe ses \u0153uvres d\u2019un subtile m\u00e9lange de techniques artistiques diff\u00e9rentes, et travaille aussi bien avec ses pinceaux qu\u2019avec ses crayons, huiles, couteaux\u2026 Il jongle avec les mati\u00e8res, vide les tubes jusqu\u2019\u00e0 l\u2019obtention exacte de la teinte recherch\u00e9e. Il accumule ainsi les \u00e9paisseurs, les styles et les plaisirs.<\/p>\n<p>Souvent compar\u00e9 \u00e0 Vieira da Silva, son style artistique lui est cependant bien personnel. Ses gestes lui conf\u00e8rent une signature unique et puissante. Avec un style contemporain et architectural, il adopte le carr\u00e9, un \u00e9quilibre de rencontres de lignes horizontales et verticales, et agr\u00e9mente l\u2019ensemble de textures vari\u00e9es et de couleurs vives!<\/p>\n<p>Avec le couteau, il donne des accents expressifs aux tableaux. Ses emp\u00e2tements g\u00e9n\u00e9reux donnent \u00e0 sa peinture une belle \u00e9nergie, expressive et dynamique! C\u2019est ainsi que Victor exprime sa libert\u00e9, et accroche les lumi\u00e8res sur ses \u0153uvres.<\/p>\n<p>Apr\u00e8s de longues p\u00e9riodes \u00e0 tendance bleue (les marines), ses inspirations sont majoritairement des compositions florales, des paysages, et des compositions abstraites.<\/p>\n<p>Bon voyage dans son univers \u2026<\/p>\n","protected":false},"excerpt":{"rendered":"<p>Victor SASPORTAS signe ses \u0153uvres d\u2019un subtile m\u00e9lange de techniques artistiques diff\u00e9rentes, et travaille aussi bien avec ses pinceaux qu\u2019avec ses crayons, huiles, couteaux\u2026 Il jongle avec les mati\u00e8res, vide les tubes jusqu\u2019\u00e0 l\u2019obtention exacte de la teinte recherch\u00e9e. Il accumule ainsi les \u00e9paisseurs, les styles et les plaisirs. Souvent compar\u00e9 \u00e0 Vieira da Silva,&hellip;<\/p>\n","protected":false},"author":1,"featured_media":0,"parent":0,"menu_order":0,"comment_status":"closed","ping_status":"closed","template":"","meta":{"_exactmetrics_skip_tracking":false,"_exactmetrics_sitenote_active":false,"_exactmetrics_sitenote_note":"","_exactmetrics_sitenote_category":0,"footnotes":""},"class_list":["post-27","page","type-page","status-publish","hentry"],"yoast_head":"<!-- This site is optimized with the Yoast SEO plugin v27.4 - https:\/\/yoast.com\/product\/yoast-seo-wordpress\/ -->\n<title>Accueil - VICTOR SASPORTAS<\/title>\n<meta name=\"robots\" content=\"index, follow, max-snippet:-1, max-image-preview:large, max-video-preview:-1\" \/>\n<link rel=\"canonical\" href=\"http:\/\/victor-sasportas.com\/\" \/>\n<meta property=\"og:locale\" content=\"en_US\" \/>\n<meta property=\"og:type\" content=\"article\" \/>\n<meta property=\"og:title\" content=\"Accueil - VICTOR SASPORTAS\" \/>\n<meta property=\"og:description\" content=\"Victor SASPORTAS signe ses \u0153uvres d\u2019un subtile m\u00e9lange de techniques artistiques diff\u00e9rentes, et travaille aussi bien avec ses pinceaux qu\u2019avec ses crayons, huiles, couteaux\u2026 Il jongle avec les mati\u00e8res, vide les tubes jusqu\u2019\u00e0 l\u2019obtention exacte de la teinte recherch\u00e9e. Il accumule ainsi les \u00e9paisseurs, les styles et les plaisirs. Souvent compar\u00e9 \u00e0 Vieira da Silva,&hellip;\" \/>\n<meta property=\"og:url\" content=\"http:\/\/victor-sasportas.com\/\" \/>\n<meta property=\"og:site_name\" content=\"VICTOR SASPORTAS\" \/>\n<meta property=\"article:modified_time\" content=\"2016-05-14T12:17:56+00:00\" \/>\n<meta property=\"og:image\" content=\"http:\/\/victor-sasportas.com\/wp-content\/uploads\/2016\/05\/Atelier-1024x678.jpg\" \/>\n<meta name=\"twitter:card\" content=\"summary_large_image\" \/>\n<meta name=\"twitter:label1\" content=\"Est. reading time\" \/>\n\t<meta name=\"twitter:data1\" content=\"1 minute\" \/>\n<script type=\"application\/ld+json\" class=\"yoast-schema-graph\">{\"@context\":\"https:\\\/\\\/schema.org\",\"@graph\":[{\"@type\":\"WebPage\",\"@id\":\"http:\\\/\\\/victor-sasportas.com\\\/\",\"url\":\"http:\\\/\\\/victor-sasportas.com\\\/\",\"name\":\"Accueil - VICTOR SASPORTAS\",\"isPartOf\":{\"@id\":\"http:\\\/\\\/victor-sasportas.com\\\/#website\"},\"primaryImageOfPage\":{\"@id\":\"http:\\\/\\\/victor-sasportas.com\\\/#primaryimage\"},\"image\":{\"@id\":\"http:\\\/\\\/victor-sasportas.com\\\/#primaryimage\"},\"thumbnailUrl\":\"http:\\\/\\\/victor-sasportas.com\\\/wp-content\\\/uploads\\\/2016\\\/05\\\/Atelier-1024x678.jpg\",\"datePublished\":\"2016-05-13T20:35:18+00:00\",\"dateModified\":\"2016-05-14T12:17:56+00:00\",\"breadcrumb\":{\"@id\":\"http:\\\/\\\/victor-sasportas.com\\\/#breadcrumb\"},\"inLanguage\":\"en-US\",\"potentialAction\":[{\"@type\":\"ReadAction\",\"target\":[\"http:\\\/\\\/victor-sasportas.com\\\/\"]}]},{\"@type\":\"ImageObject\",\"inLanguage\":\"en-US\",\"@id\":\"http:\\\/\\\/victor-sasportas.com\\\/#primaryimage\",\"url\":\"http:\\\/\\\/victor-sasportas.com\\\/wp-content\\\/uploads\\\/2016\\\/05\\\/Atelier-1024x678.jpg\",\"contentUrl\":\"http:\\\/\\\/victor-sasportas.com\\\/wp-content\\\/uploads\\\/2016\\\/05\\\/Atelier-1024x678.jpg\"},{\"@type\":\"BreadcrumbList\",\"@id\":\"http:\\\/\\\/victor-sasportas.com\\\/#breadcrumb\",\"itemListElement\":[{\"@type\":\"ListItem\",\"position\":1,\"name\":\"Home\",\"item\":\"http:\\\/\\\/victor-sasportas.com\\\/\"},{\"@type\":\"ListItem\",\"position\":2,\"name\":\"Accueil\"}]},{\"@type\":\"WebSite\",\"@id\":\"http:\\\/\\\/victor-sasportas.com\\\/#website\",\"url\":\"http:\\\/\\\/victor-sasportas.com\\\/\",\"name\":\"VICTOR SASPORTAS\",\"description\":\"Artiste Peintre Contemporain\",\"potentialAction\":[{\"@type\":\"SearchAction\",\"target\":{\"@type\":\"EntryPoint\",\"urlTemplate\":\"http:\\\/\\\/victor-sasportas.com\\\/?s={search_term_string}\"},\"query-input\":{\"@type\":\"PropertyValueSpecification\",\"valueRequired\":true,\"valueName\":\"search_term_string\"}}],\"inLanguage\":\"en-US\"}]}<\/script>\n<!-- \/ Yoast SEO plugin. -->","yoast_head_json":{"title":"Accueil - VICTOR SASPORTAS","robots":{"index":"index","follow":"follow","max-snippet":"max-snippet:-1","max-image-preview":"max-image-preview:large","max-video-preview":"max-video-preview:-1"},"canonical":"http:\/\/victor-sasportas.com\/","og_locale":"en_US","og_type":"article","og_title":"Accueil - VICTOR SASPORTAS","og_description":"Victor SASPORTAS signe ses \u0153uvres d\u2019un subtile m\u00e9lange de techniques artistiques diff\u00e9rentes, et travaille aussi bien avec ses pinceaux qu\u2019avec ses crayons, huiles, couteaux\u2026 Il jongle avec les mati\u00e8res, vide les tubes jusqu\u2019\u00e0 l\u2019obtention exacte de la teinte recherch\u00e9e. Il accumule ainsi les \u00e9paisseurs, les styles et les plaisirs. Souvent compar\u00e9 \u00e0 Vieira da Silva,&hellip;","og_url":"http:\/\/victor-sasportas.com\/","og_site_name":"VICTOR SASPORTAS","article_modified_time":"2016-05-14T12:17:56+00:00","og_image":[{"url":"http:\/\/victor-sasportas.com\/wp-content\/uploads\/2016\/05\/Atelier-1024x678.jpg","type":"","width":"","height":""}],"twitter_card":"summary_large_image","twitter_misc":{"Est. reading time":"1 minute"},"schema":{"@context":"https:\/\/schema.org","@graph":[{"@type":"WebPage","@id":"http:\/\/victor-sasportas.com\/","url":"http:\/\/victor-sasportas.com\/","name":"Accueil - VICTOR SASPORTAS","isPartOf":{"@id":"http:\/\/victor-sasportas.com\/#website"},"primaryImageOfPage":{"@id":"http:\/\/victor-sasportas.com\/#primaryimage"},"image":{"@id":"http:\/\/victor-sasportas.com\/#primaryimage"},"thumbnailUrl":"http:\/\/victor-sasportas.com\/wp-content\/uploads\/2016\/05\/Atelier-1024x678.jpg","datePublished":"2016-05-13T20:35:18+00:00","dateModified":"2016-05-14T12:17:56+00:00","breadcrumb":{"@id":"http:\/\/victor-sasportas.com\/#breadcrumb"},"inLanguage":"en-US","potentialAction":[{"@type":"ReadAction","target":["http:\/\/victor-sasportas.com\/"]}]},{"@type":"ImageObject","inLanguage":"en-US","@id":"http:\/\/victor-sasportas.com\/#primaryimage","url":"http:\/\/victor-sasportas.com\/wp-content\/uploads\/2016\/05\/Atelier-1024x678.jpg","contentUrl":"http:\/\/victor-sasportas.com\/wp-content\/uploads\/2016\/05\/Atelier-1024x678.jpg"},{"@type":"BreadcrumbList","@id":"http:\/\/victor-sasportas.com\/#breadcrumb","itemListElement":[{"@type":"ListItem","position":1,"name":"Home","item":"http:\/\/victor-sasportas.com\/"},{"@type":"ListItem","position":2,"name":"Accueil"}]},{"@type":"WebSite","@id":"http:\/\/victor-sasportas.com\/#website","url":"http:\/\/victor-sasportas.com\/","name":"VICTOR SASPORTAS","description":"Artiste Peintre Contemporain","potentialAction":[{"@type":"SearchAction","target":{"@type":"EntryPoint","urlTemplate":"http:\/\/victor-sasportas.com\/?s={search_term_string}"},"query-input":{"@type":"PropertyValueSpecification","valueRequired":true,"valueName":"search_term_string"}}],"inLanguage":"en-US"}]}},"_links":{"self":[{"href":"https:\/\/victor-sasportas.com\/index.php\/wp-json\/wp\/v2\/pages\/27","targetHints":{"allow":["GET"]}}],"collection":[{"href":"https:\/\/victor-sasportas.com\/index.php\/wp-json\/wp\/v2\/pages"}],"about":[{"href":"https:\/\/victor-sasportas.com\/index.php\/wp-json\/wp\/v2\/types\/page"}],"author":[{"embeddable":true,"href":"https:\/\/victor-sasportas.com\/index.php\/wp-json\/wp\/v2\/users\/1"}],"replies":[{"embeddable":true,"href":"https:\/\/victor-sasportas.com\/index.php\/wp-json\/wp\/v2\/comments?post=27"}],"version-history":[{"count":3,"href":"https:\/\/victor-sasportas.com\/index.php\/wp-json\/wp\/v2\/pages\/27\/revisions"}],"predecessor-version":[{"id":166,"href":"https:\/\/victor-sasportas.com\/index.php\/wp-json\/wp\/v2\/pages\/27\/revisions\/166"}],"wp:attachment":[{"href":"https:\/\/victor-sasportas.com\/index.php\/wp-json\/wp\/v2\/media?parent=27"}],"curies":[{"name":"wp","href":"https:\/\/api.w.org\/{rel}","templated":true}]}}